{"id":6156,"date":"2024-09-06T12:38:11","date_gmt":"2024-09-06T10:38:11","guid":{"rendered":"https:\/\/revop-eshop.sk\/?post_type=product&#038;p=6156"},"modified":"2026-04-17T14:07:44","modified_gmt":"2026-04-17T12:07:44","slug":"h-kus-radiatorova-pripojovacia-armatuta-rohova","status":"publish","type":"product","link":"https:\/\/revop-eshop.sk\/?product=h-kus-radiatorova-pripojovacia-armatuta-rohova","title":{"rendered":"H-kus radi\u00e1torov\u00e1 pripojovacia armat\u00fata rohov\u00e1"},"content":{"rendered":"\n<p><strong>Rohov\u00fd radi\u00e1torov\u00fd dvojkr\u00eddlov\u00fd vent\u00edl, euroku\u017eelov\u00fd s  prechodom  1\/2&#8243;\u00d73\/4&#8243; pre radi\u00e1tory so spodn\u00fdm pripojen\u00edm<\/strong> <strong>&#8211; VK<\/strong>, 9573922<\/p>\n\n\n\n<p>Pripojovacia armat\u00fara Viessmann pre profilov\u00e9 a ploch\u00e9 radi\u00e1tory s integrovanou ventilovou sadou. Samotesniace a uzamykate\u013en\u00e9. Vyroben\u00e9 z poniklovanej mosadze, kompletn\u00e9 s vsuvkou. V rohovej forme vhodn\u00e9 pre dvojr\u00farkov\u00e9 syst\u00e9my &#8211; rozstup r\u00far 50 mm. Pripojenie vykurovac\u00edch r\u00farok zo steny. <\/p>\n\n\n\n<ul class=\"wp-block-list\">\n<li>Spojovacia armat\u00fara pre radi\u00e1tory s vyrovn\u00e1vac\u00edm kusom<\/li>\n\n\n\n<li>Ventil je mo\u017en\u00e9 uzamkn\u00fa\u0165<\/li>\n\n\n\n<li>Stredov\u00e1 vzdialenos\u0165 tvarovky je 50 mm<\/li>\n\n\n\n<li>Kontinu\u00e1lna forma<\/li>\n\n\n\n<li>Dvojr\u00farkov\u00fd syst\u00e9m<\/li>\n\n\n\n<li>Ve\u013ekos\u0165: DN15 R 1\/2&#8243;<\/li>\n\n\n\n<li>Materi\u00e1l: mosadz, poniklovan\u00fd<\/li>\n\n\n\n<li>Prev\u00e1dzkov\u00e1 teplota: max 110 C\u00b0<\/li>\n\n\n\n<li>Prev\u00e1dzkov\u00fd tlak: max 10 bar (PN 10)<\/li>\n<\/ul>\n\n\n\n<p><\/p>\n","protected":false},"excerpt":{"rendered":"<h4><strong>Rohov\u00fd radi\u00e1torov\u00fd dvojkr\u00eddlov\u00fd vent\u00edl, euroku\u017eelov\u00fd s prechodom 1\/2&#8243;\u00d73\/4&#8243; pre radi\u00e1tory VK so spodn\u00fdm pripojen\u00edm, 9573922<\/strong><\/h4>\n<ul>\n<li>Pripojovacia armat\u00fara Viessmann pre profilov\u00e9 a ploch\u00e9 radi\u00e1tory s integrovanou ventilovou sadou <strong>&#8211; VK. <\/strong><\/li>\n<li>Samotesniace a uzamykate\u013en\u00e9.<\/li>\n<li>Vyroben\u00e9 z poniklovanej mosadze, kompletn\u00e9 so vsuvkou.<\/li>\n<li>V rohovej forme vhodn\u00e9 pre dvojr\u00farkov\u00e9 syst\u00e9my &#8211; rozstup r\u00far 50 mm.<\/li>\n<\/ul>\n","protected":false},"featured_media":6157,"comment_status":"open","ping_status":"closed","template":"","meta":{"jetpack_publicize_message":"","jetpack_publicize_feature_enabled":true,"jetpack_social_post_already_shared":false,"jetpack_social_options":{"image_generator_settings":{"template":"highway","default_image_id":0,"font":"","enabled":false},"version":2}},"product_brand":[],"product_cat":[1121],"product_tag":[1102,1099,1100,1097,970,1098,1037,1103,1101,529],"class_list":{"0":"post-6156","1":"product","2":"type-product","3":"status-publish","4":"has-post-thumbnail","6":"product_cat-diely-na-pripojenie","7":"product_tag-1102","8":"product_tag-armatuta","9":"product_tag-dvojkrydlova","10":"product_tag-h-kus","11":"product_tag-pripojovacia","12":"product_tag-radiatorova","13":"product_tag-radiatory","14":"product_tag-rohova","15":"product_tag-uzatvaracia","16":"product_tag-viessmann","18":"first","19":"instock","20":"taxable","21":"shipping-taxable","22":"purchasable","23":"product-type-simple"},"jetpack_publicize_connections":[],"jetpack_sharing_enabled":true,"_links":{"self":[{"href":"https:\/\/revop-eshop.sk\/index.php?rest_route=\/wp\/v2\/product\/6156","targetHints":{"allow":["GET"]}}],"collection":[{"href":"https:\/\/revop-eshop.sk\/index.php?rest_route=\/wp\/v2\/product"}],"about":[{"href":"https:\/\/revop-eshop.sk\/index.php?rest_route=\/wp\/v2\/types\/product"}],"replies":[{"embeddable":true,"href":"https:\/\/revop-eshop.sk\/index.php?rest_route=%2Fwp%2Fv2%2Fcomments&post=6156"}],"wp:featuredmedia":[{"embeddable":true,"href":"https:\/\/revop-eshop.sk\/index.php?rest_route=\/wp\/v2\/media\/6157"}],"wp:attachment":[{"href":"https:\/\/revop-eshop.sk\/index.php?rest_route=%2Fwp%2Fv2%2Fmedia&parent=6156"}],"wp:term":[{"taxonomy":"product_brand","embeddable":true,"href":"https:\/\/revop-eshop.sk\/index.php?rest_route=%2Fwp%2Fv2%2Fproduct_brand&post=6156"},{"taxonomy":"product_cat","embeddable":true,"href":"https:\/\/revop-eshop.sk\/index.php?rest_route=%2Fwp%2Fv2%2Fproduct_cat&post=6156"},{"taxonomy":"product_tag","embeddable":true,"href":"https:\/\/revop-eshop.sk\/index.php?rest_route=%2Fwp%2Fv2%2Fproduct_tag&post=6156"}],"curies":[{"name":"wp","href":"https:\/\/api.w.org\/{rel}","templated":true}]}}