{"id":5772,"date":"2024-08-22T11:56:37","date_gmt":"2024-08-22T09:56:37","guid":{"rendered":"https:\/\/revop-eshop.sk\/?post_type=product&#038;p=5772"},"modified":"2025-03-26T10:26:15","modified_gmt":"2025-03-26T09:26:15","slug":"doplnkova-sada-s-motorom-zmiesavaca","status":"publish","type":"product","link":"https:\/\/revop-eshop.sk\/?product=doplnkova-sada-s-motorom-zmiesavaca","title":{"rendered":"Doplnkov\u00e1 sada s motorom zmie\u0161ava\u010da &#8211; k Vitotronic"},"content":{"rendered":"\n<h4 class=\"wp-block-heading\"><strong>Doplnkov\u00e1 sada s motorom zmie\u0161ava\u010da pre Vitotronic 200, typ KW6B<\/strong><\/h4>\n\n\n\n<p>V pr\u00edpade vykurovacieho okruhu so zmie\u0161ava\u010dom je k\u00e1bel pripraven\u00fd na zapojenie.<br>&#8211; Elektronika zmie\u0161ava\u010da s motorom zmie\u0161ava\u010da pre zmie\u0161ava\u010de Viessmann DN 20 a\u017e 50, R 1\/2 a\u017e 11\/4 (nie pre pr\u00edrubov\u00e9 zmie\u0161ava\u010de)<br>&#8211; Sn\u00edma\u010d teploty pr\u00edvodu ako kontaktn\u00fd sn\u00edma\u010d teploty (NTC 10 kOhm) s pripojovac\u00edm k\u00e1blom (d\u013a\u017eka 2,0 m) a z\u00e1str\u010dkou<br>&#8211; Z\u00e1str\u010dka pre \u010derpadlo vykurovacieho okruhu<br>&#8211; Sie\u0165ov\u00e9 pripojenie a k\u00e1bel KM-BUS so z\u00e1str\u010dkou<\/p>\n\n\n\n<h2 class=\"wp-block-heading\">Majte to na pam\u00e4ti<\/h2>\n\n\n\n<ul class=\"wp-block-list\">\n<li>In\u0161tal\u00e1ciu sady by mal vykona\u0165 kvalifikovan\u00fd servisn\u00fd technik<\/li>\n\n\n\n<li>Nezodpoved\u00e1me za \u017eiadne \u0161kody sp\u00f4soben\u00e9 pri neodbornej mont\u00e1\u017ei<\/li>\n\n\n\n<li>Ak nem\u00e1te sk\u00fasenosti s v\u00fdmenou, alebo zapojen\u00edm sady odpor\u00fa\u010dame V\u00e1m sa poradi\u0165 s na\u0161\u00edm technikom <\/li>\n\n\n\n<li>Pred objednan\u00edm sa porad\u0165e s na\u0161\u00edm technikom  pre spr\u00e1vnos\u0165 v\u00fdberu a kompatibility s va\u0161\u00edm nain\u0161talovan\u00fdm zariaden\u00edm<\/li>\n<\/ul>\n","protected":false},"excerpt":{"rendered":"<h4><strong>Doplnkov\u00e1 sada s motorom zmie\u0161ava\u010da pre Vitotronic 200, typ KW6B<\/strong><\/h4>\n<p>&nbsp;<\/p>\n","protected":false},"featured_media":5773,"comment_status":"open","ping_status":"closed","template":"","meta":{"jetpack_publicize_message":"","jetpack_publicize_feature_enabled":true,"jetpack_social_post_already_shared":false,"jetpack_social_options":{"image_generator_settings":{"template":"highway","default_image_id":0,"font":"","enabled":false},"version":2}},"product_brand":[],"product_cat":[627],"product_tag":[850,851,657,529,853,852],"class_list":{"0":"post-5772","1":"product","2":"type-product","3":"status-publish","4":"has-post-thumbnail","6":"product_cat-obehove-cerpadla-a-zostavy-cerpadlovych-skupin","7":"product_tag-doplnkova","8":"product_tag-doplnkova-sada-s-motorom","9":"product_tag-sada","10":"product_tag-viessmann","11":"product_tag-zk02940","12":"product_tag-zmiesavaca","14":"first","15":"instock","16":"taxable","17":"shipping-taxable","18":"purchasable","19":"product-type-simple"},"jetpack_publicize_connections":[],"jetpack_sharing_enabled":true,"_links":{"self":[{"href":"https:\/\/revop-eshop.sk\/index.php?rest_route=\/wp\/v2\/product\/5772","targetHints":{"allow":["GET"]}}],"collection":[{"href":"https:\/\/revop-eshop.sk\/index.php?rest_route=\/wp\/v2\/product"}],"about":[{"href":"https:\/\/revop-eshop.sk\/index.php?rest_route=\/wp\/v2\/types\/product"}],"replies":[{"embeddable":true,"href":"https:\/\/revop-eshop.sk\/index.php?rest_route=%2Fwp%2Fv2%2Fcomments&post=5772"}],"wp:featuredmedia":[{"embeddable":true,"href":"https:\/\/revop-eshop.sk\/index.php?rest_route=\/wp\/v2\/media\/5773"}],"wp:attachment":[{"href":"https:\/\/revop-eshop.sk\/index.php?rest_route=%2Fwp%2Fv2%2Fmedia&parent=5772"}],"wp:term":[{"taxonomy":"product_brand","embeddable":true,"href":"https:\/\/revop-eshop.sk\/index.php?rest_route=%2Fwp%2Fv2%2Fproduct_brand&post=5772"},{"taxonomy":"product_cat","embeddable":true,"href":"https:\/\/revop-eshop.sk\/index.php?rest_route=%2Fwp%2Fv2%2Fproduct_cat&post=5772"},{"taxonomy":"product_tag","embeddable":true,"href":"https:\/\/revop-eshop.sk\/index.php?rest_route=%2Fwp%2Fv2%2Fproduct_tag&post=5772"}],"curies":[{"name":"wp","href":"https:\/\/api.w.org\/{rel}","templated":true}]}}