{"id":3612,"date":"2024-06-16T22:40:12","date_gmt":"2024-06-16T20:40:12","guid":{"rendered":"https:\/\/www.revopsro.sk\/?post_type=product&#038;p=3612"},"modified":"2025-01-01T02:56:53","modified_gmt":"2025-01-01T01:56:53","slug":"t-kus-revizny-vert-s-odvodom-biely-plast","status":"publish","type":"product","link":"https:\/\/revop-eshop.sk\/?product=t-kus-revizny-vert-s-odvodom-biely-plast","title":{"rendered":"T-kus rev\u00edzny vert. s odvodom biely plast"},"content":{"rendered":"<p><strong>T-kus vertik\u00e1lny\u00a0rev\u00edzny s odvodom kondenzu a tesnen\u00edm<\/strong><\/p>\n<p><b>Materi\u00e1l:\u00a0<\/b>biely plast<\/p>\n<p><strong>Rev\u00edzny otvor:<\/strong>\u00a0skrutkovac\u00ed s odvodom kondenzu<\/p>\n","protected":false},"excerpt":{"rendered":"<p>T-kus vertik\u00e1lny\u00a0rev\u00edzny s odvodom kondenzu a tesnen\u00edm Materi\u00e1l:\u00a0biely plast Rev\u00edzny otvor:\u00a0skrutkovac\u00ed s odvodom kondenzu<\/p>\n","protected":false},"featured_media":4091,"comment_status":"open","ping_status":"closed","template":"","meta":{"jetpack_publicize_message":"","jetpack_publicize_feature_enabled":true,"jetpack_social_post_already_shared":false,"jetpack_social_options":{"image_generator_settings":{"template":"highway","default_image_id":0,"font":"","enabled":false},"version":2}},"product_brand":[],"product_cat":[557],"product_tag":[299,316,321,327,333,337,346,425,476,492,512,525],"class_list":{"0":"post-3612","1":"product","2":"type-product","3":"status-publish","4":"has-post-thumbnail","6":"product_cat-biely-plast","7":"product_tag-biely","8":"product_tag-dn100","9":"product_tag-dn110","10":"product_tag-dn125","11":"product_tag-dn160","12":"product_tag-dn200","13":"product_tag-dn80","14":"product_tag-plast","15":"product_tag-revizny","16":"product_tag-s-odvodom","17":"product_tag-t-kus","18":"product_tag-vert","20":"first","21":"instock","22":"taxable","23":"shipping-taxable","24":"purchasable","25":"product-type-variable"},"jetpack_publicize_connections":[],"jetpack_sharing_enabled":true,"_links":{"self":[{"href":"https:\/\/revop-eshop.sk\/index.php?rest_route=\/wp\/v2\/product\/3612","targetHints":{"allow":["GET"]}}],"collection":[{"href":"https:\/\/revop-eshop.sk\/index.php?rest_route=\/wp\/v2\/product"}],"about":[{"href":"https:\/\/revop-eshop.sk\/index.php?rest_route=\/wp\/v2\/types\/product"}],"replies":[{"embeddable":true,"href":"https:\/\/revop-eshop.sk\/index.php?rest_route=%2Fwp%2Fv2%2Fcomments&post=3612"}],"wp:featuredmedia":[{"embeddable":true,"href":"https:\/\/revop-eshop.sk\/index.php?rest_route=\/wp\/v2\/media\/4091"}],"wp:attachment":[{"href":"https:\/\/revop-eshop.sk\/index.php?rest_route=%2Fwp%2Fv2%2Fmedia&parent=3612"}],"wp:term":[{"taxonomy":"product_brand","embeddable":true,"href":"https:\/\/revop-eshop.sk\/index.php?rest_route=%2Fwp%2Fv2%2Fproduct_brand&post=3612"},{"taxonomy":"product_cat","embeddable":true,"href":"https:\/\/revop-eshop.sk\/index.php?rest_route=%2Fwp%2Fv2%2Fproduct_cat&post=3612"},{"taxonomy":"product_tag","embeddable":true,"href":"https:\/\/revop-eshop.sk\/index.php?rest_route=%2Fwp%2Fv2%2Fproduct_tag&post=3612"}],"curies":[{"name":"wp","href":"https:\/\/api.w.org\/{rel}","templated":true}]}}