{"id":3287,"date":"2024-06-10T20:57:56","date_gmt":"2024-06-10T18:57:56","guid":{"rendered":"https:\/\/www.revopsro.sk\/?post_type=product&#038;p=3287"},"modified":"2025-01-01T01:41:18","modified_gmt":"2025-01-01T00:41:18","slug":"komin-vertikalny-koaxialny-80-125-1150-pp-pp","status":"publish","type":"product","link":"https:\/\/revop-eshop.sk\/?product=komin-vertikalny-koaxialny-80-125-1150-pp-pp","title":{"rendered":"Kom\u00edn vertik\u00e1lny koaxi\u00e1lny 80\/125\/1150 PP\/PP"},"content":{"rendered":"<p><strong>Koaxi\u00e1lny kom\u00edn vertik\u00e1lny 80\/125 s pris\u00e1van\u00edm\u00a0<\/strong><\/p>\n<p><strong>Materi\u00e1l:<\/strong>\u00a0plast\u00a0\/ plast<\/p>\n<p><strong>Povrchov\u00e1 \u00faprava:\u00a0<\/strong>lakovan\u00fd \/ \u010dierny<\/p>\n<p><strong>D\u013a\u017eka:<\/strong>\u00a01,17m<\/p>\n<p><strong>Volite\u013en\u00e1 prechodka strechou:<\/strong>\u00a0prechodka oloven\u00e1-\u010dierna,\u00a0alebo\u00a0prechodka oloven\u00e1-pogumovan\u00e1-\u010dierna<\/p>\n<p><img fetchpriority=\"high\" decoding=\"async\" class=\"alignnone wp-image-3159 size-full\" src=\"http:\/\/revop-eshop.sk\/wp-content\/uploads\/2024\/06\/rozmery_AK-PP60100.jpg\" alt=\"\" width=\"208\" height=\"251\" srcset=\"https:\/\/revop-eshop.sk\/wp-content\/uploads\/2024\/06\/rozmery_AK-PP60100.jpg 208w, https:\/\/revop-eshop.sk\/wp-content\/uploads\/2024\/06\/rozmery_AK-PP60100-150x181.jpg 150w\" sizes=\"(max-width: 208px) 100vw, 208px\" \/><\/p>\n","protected":false},"excerpt":{"rendered":"<p>Koaxi\u00e1lny kom\u00edn vertik\u00e1lny 80\/125 s pris\u00e1van\u00edm\u00a0 Materi\u00e1l:\u00a0plast\u00a0\/ plast Povrchov\u00e1 \u00faprava:\u00a0lakovan\u00fd \/ \u010dierny D\u013a\u017eka:\u00a01,17m Volite\u013en\u00e1 prechodka strechou:\u00a0prechodka oloven\u00e1-\u010dierna,\u00a0alebo\u00a0prechodka oloven\u00e1-pogumovan\u00e1-\u010dierna<\/p>\n","protected":false},"featured_media":4036,"comment_status":"open","ping_status":"closed","template":"","meta":{"jetpack_publicize_message":"","jetpack_publicize_feature_enabled":true,"jetpack_social_post_already_shared":false,"jetpack_social_options":{"image_generator_settings":{"template":"highway","default_image_id":0,"font":"","enabled":false},"version":2}},"product_brand":[],"product_cat":[587,384],"product_tag":[254,300,305,375,380,449,526],"class_list":{"0":"post-3287","1":"product","2":"type-product","3":"status-publish","4":"has-post-thumbnail","6":"product_cat-pp80-125-al","7":"product_cat-kominy-plastove-a-nerezove-hlavice-a-prechody-strechou","8":"product_tag-80-125-1150","9":"product_tag-cerveny","10":"product_tag-cierny","11":"product_tag-koaxialny","12":"product_tag-komin","13":"product_tag-pp-pp","14":"product_tag-vertik","16":"first","17":"instock","18":"taxable","19":"shipping-taxable","20":"purchasable","21":"product-type-variable"},"jetpack_publicize_connections":[],"jetpack_sharing_enabled":true,"_links":{"self":[{"href":"https:\/\/revop-eshop.sk\/index.php?rest_route=\/wp\/v2\/product\/3287","targetHints":{"allow":["GET"]}}],"collection":[{"href":"https:\/\/revop-eshop.sk\/index.php?rest_route=\/wp\/v2\/product"}],"about":[{"href":"https:\/\/revop-eshop.sk\/index.php?rest_route=\/wp\/v2\/types\/product"}],"replies":[{"embeddable":true,"href":"https:\/\/revop-eshop.sk\/index.php?rest_route=%2Fwp%2Fv2%2Fcomments&post=3287"}],"wp:featuredmedia":[{"embeddable":true,"href":"https:\/\/revop-eshop.sk\/index.php?rest_route=\/wp\/v2\/media\/4036"}],"wp:attachment":[{"href":"https:\/\/revop-eshop.sk\/index.php?rest_route=%2Fwp%2Fv2%2Fmedia&parent=3287"}],"wp:term":[{"taxonomy":"product_brand","embeddable":true,"href":"https:\/\/revop-eshop.sk\/index.php?rest_route=%2Fwp%2Fv2%2Fproduct_brand&post=3287"},{"taxonomy":"product_cat","embeddable":true,"href":"https:\/\/revop-eshop.sk\/index.php?rest_route=%2Fwp%2Fv2%2Fproduct_cat&post=3287"},{"taxonomy":"product_tag","embeddable":true,"href":"https:\/\/revop-eshop.sk\/index.php?rest_route=%2Fwp%2Fv2%2Fproduct_tag&post=3287"}],"curies":[{"name":"wp","href":"https:\/\/api.w.org\/{rel}","templated":true}]}}