{"id":2748,"date":"2024-06-04T12:56:37","date_gmt":"2024-06-04T10:56:37","guid":{"rendered":"https:\/\/www.revopsro.sk\/?post_type=product&#038;p=2748"},"modified":"2026-04-16T13:13:40","modified_gmt":"2026-04-16T11:13:40","slug":"medeny-prechod-s-vnutornym-zavitom-35x1-balenie-5-ks","status":"publish","type":"product","link":"https:\/\/revop-eshop.sk\/?product=medeny-prechod-s-vnutornym-zavitom-35x1-balenie-5-ks","title":{"rendered":"Meden\u00fd prechod s vn\u00fatorn\u00fdm z\u00e1vitom 35&#215;1&#8243;,  balenie 5 ks"},"content":{"rendered":"<h4><strong>Lisovac\u00ed meden\u00fd fiting na rozvody vody a k\u00farenie pre najpou\u017e\u00edvanej\u0161\u00ed typ \u010de\u013eust\u00ed &#8220;V&#8221;.<\/strong><\/h4>\n<ul>\n<li>Prev\u00e1dzkov\u00fd tlak Pmax 16 bar<\/li>\n<li>Prev\u00e1dzkov\u00e1 teplota Tmax 110 \u00b0 C<\/li>\n<li>Conex B\u00e4nninger lisovacie fitingy Press.<\/li>\n<\/ul>\n<p><strong>\u010eAL\u0160IE APLIK\u00c1CIE:\u00a0 \u00a0 \u00a0<\/strong><\/p>\n<ul>\n<li>Vykurovacie zariadenia<\/li>\n<li>In\u0161tal\u00e1cia protipo\u017eiarnych trysiek a hasiace vody<\/li>\n<li>Stla\u010den\u00fd vzduch<\/li>\n<li>Inertn\u00e9 plyny<\/li>\n<li>Zariadenie na vyu\u017eitie da\u017e\u010fovej vody<\/li>\n<li>Rozvody chladiacej vody<\/li>\n<li>Zariadenie s dia\u013ekov\u00fdm z\u00e1sobovan\u00edm tepla<\/li>\n<li>N\u00edzkotlakov\u00e1 parn\u00e9 zariadenie.<\/li>\n<\/ul>\n<p>V\u00fdrobca odpor\u00fa\u010da ako tesniaci materi\u00e1l pre in\u0161tal\u00e1ciu mosadzn\u00fdch a meden\u00fdch tvaroviek tefl\u00f3nov\u00fa p\u00e1sku alebo tesniacu tefl\u00f3novou \u0161n\u00faru.<\/p>\n<p>V\u00fdrobca\u00a0<strong>NEODPOR\u00da\u010cA<\/strong>\u00a0ako tesniaci materi\u00e1l pre in\u0161tal\u00e1ciu mosadzn\u00fdch tvaroviek konope.<\/p>\n<p>Z\u00e1vity mosadzn\u00fdch a meden\u00fdch tvaroviek s\u00fa opatren\u00e9 z\u00e1rezmi pre lep\u0161iu pr\u00e1cu s tesniacim materi\u00e1lom.<\/p>\n","protected":false},"excerpt":{"rendered":"<p>\u20ac 21.40 s DPH ( cena za 1 ks )<\/p>\n<p>&nbsp;<\/p>\n","protected":false},"featured_media":4161,"comment_status":"open","ping_status":"closed","template":"","meta":{"jetpack_publicize_message":"","jetpack_publicize_feature_enabled":true,"jetpack_social_post_already_shared":false,"jetpack_social_options":{"image_generator_settings":{"template":"highway","default_image_id":0,"font":"","enabled":false},"version":2}},"product_brand":[],"product_cat":[596,605],"product_tag":[188,1384,290,399,405,458,496,555],"class_list":{"0":"post-2748","1":"product","2":"type-product","3":"status-publish","4":"has-post-thumbnail","6":"product_cat-zavitove-medene-fitingy","7":"product_cat-medeny-prechod-s-vnutornym-zavitom","8":"product_tag-35x1","9":"product_tag-1384","10":"product_tag-balenie-5-ks","11":"product_tag-lisovaci","12":"product_tag-medeny","13":"product_tag-prechod","14":"product_tag-s-vnutornym","15":"product_tag-zavitom","17":"first","18":"instock","19":"taxable","20":"shipping-taxable","21":"purchasable","22":"product-type-simple"},"jetpack_publicize_connections":[],"jetpack_sharing_enabled":true,"_links":{"self":[{"href":"https:\/\/revop-eshop.sk\/index.php?rest_route=\/wp\/v2\/product\/2748","targetHints":{"allow":["GET"]}}],"collection":[{"href":"https:\/\/revop-eshop.sk\/index.php?rest_route=\/wp\/v2\/product"}],"about":[{"href":"https:\/\/revop-eshop.sk\/index.php?rest_route=\/wp\/v2\/types\/product"}],"replies":[{"embeddable":true,"href":"https:\/\/revop-eshop.sk\/index.php?rest_route=%2Fwp%2Fv2%2Fcomments&post=2748"}],"wp:featuredmedia":[{"embeddable":true,"href":"https:\/\/revop-eshop.sk\/index.php?rest_route=\/wp\/v2\/media\/4161"}],"wp:attachment":[{"href":"https:\/\/revop-eshop.sk\/index.php?rest_route=%2Fwp%2Fv2%2Fmedia&parent=2748"}],"wp:term":[{"taxonomy":"product_brand","embeddable":true,"href":"https:\/\/revop-eshop.sk\/index.php?rest_route=%2Fwp%2Fv2%2Fproduct_brand&post=2748"},{"taxonomy":"product_cat","embeddable":true,"href":"https:\/\/revop-eshop.sk\/index.php?rest_route=%2Fwp%2Fv2%2Fproduct_cat&post=2748"},{"taxonomy":"product_tag","embeddable":true,"href":"https:\/\/revop-eshop.sk\/index.php?rest_route=%2Fwp%2Fv2%2Fproduct_tag&post=2748"}],"curies":[{"name":"wp","href":"https:\/\/api.w.org\/{rel}","templated":true}]}}