{"id":10857,"date":"2025-12-13T16:35:53","date_gmt":"2025-12-13T15:35:53","guid":{"rendered":"https:\/\/revop-eshop.sk\/?product=cerpadlo-25-60-180-alpha1-grundfos-230v-pn10"},"modified":"2025-12-13T17:38:47","modified_gmt":"2025-12-13T16:38:47","slug":"cerpadlo-25-60-180-alpha1-grundfos-230v-pn10","status":"publish","type":"product","link":"https:\/\/revop-eshop.sk\/?product=cerpadlo-25-60-180-alpha1-grundfos-230v-pn10","title":{"rendered":"\u010cerpadlo 25-60 180 ALPHA1 GRUNDFOS 230V PN10"},"content":{"rendered":"<p>Technick\u00e9 parametre<br \/>\nnap\u00e1janie 230 V<br \/>\nmax. dopravn\u00e1 v\u00fd\u0161ka 6,4 m<br \/>\nmax. prietok 3,55 m3\/hod<br \/>\nprev\u00e1dzkov\u00fd tlak 10 bar<br \/>\npripojenie G 6\/4&#8243;<br \/>\nstavebn\u00e1 d\u013a\u017eka 180 mm<br \/>\nVlastnosti<br \/>\nobehov\u00e9 \u010derpadlo<br \/>\nmo\u017en\u00e9 integrova\u0165 vo v\u0161etk\u00fdch druhoch k\u00farenia s premennou alebo kon\u0161tantn\u00fdm prietokom<br \/>\nz \u010delnej strany pr\u00edstupn\u00e1 skrutka pre pr\u00edpadn\u00fa deblok\u00e1ciu \u010derpadla<br \/>\nmo\u017enos\u0165 regul\u00e1cie v\u00fdkonov pomocou PWM sign\u00e1lu<br \/>\nbez\u00fadr\u017ebov\u00e9<br \/>\nn\u00edzka hladina hluku<\/p>\n","protected":false},"excerpt":{"rendered":"<p>Technick\u00e9 parametre nap\u00e1janie 230 V max. dopravn\u00e1 v\u00fd\u0161ka 6,4 m max. prietok 3,55 m3\/hod prev\u00e1dzkov\u00fd tlak 10 bar pripojenie G 6\/4&#8243; stavebn\u00e1 d\u013a\u017eka 180 mm Vlastnosti obehov\u00e9 \u010derpadlo mo\u017en\u00e9 integrova\u0165 vo v\u0161etk\u00fdch druhoch k\u00farenia s premennou alebo kon\u0161tantn\u00fdm prietokom z \u010delnej strany pr\u00edstupn\u00e1 skrutka pre pr\u00edpadn\u00fa deblok\u00e1ciu \u010derpadla mo\u017enos\u0165 regul\u00e1cie v\u00fdkonov pomocou PWM sign\u00e1lu bez\u00fadr\u017ebov\u00e9 [&hellip;]<\/p>\n","protected":false},"featured_media":10856,"comment_status":"open","ping_status":"closed","template":"","meta":{"jetpack_publicize_message":"","jetpack_publicize_feature_enabled":true,"jetpack_social_post_already_shared":true,"jetpack_social_options":{"image_generator_settings":{"template":"highway","default_image_id":0,"font":"","enabled":false},"version":2}},"product_brand":[],"product_cat":[2398],"product_tag":[2427],"class_list":{"0":"post-10857","1":"product","2":"type-product","3":"status-publish","4":"has-post-thumbnail","6":"product_cat-cerpadla-uk","7":"product_tag-cerpadlo-25-60-180-alpha1-grundfos-230v-pn10","9":"first","10":"instock","11":"taxable","12":"shipping-taxable","13":"purchasable","14":"product-type-simple"},"jetpack_publicize_connections":[],"jetpack_sharing_enabled":true,"_links":{"self":[{"href":"https:\/\/revop-eshop.sk\/index.php?rest_route=\/wp\/v2\/product\/10857","targetHints":{"allow":["GET"]}}],"collection":[{"href":"https:\/\/revop-eshop.sk\/index.php?rest_route=\/wp\/v2\/product"}],"about":[{"href":"https:\/\/revop-eshop.sk\/index.php?rest_route=\/wp\/v2\/types\/product"}],"replies":[{"embeddable":true,"href":"https:\/\/revop-eshop.sk\/index.php?rest_route=%2Fwp%2Fv2%2Fcomments&post=10857"}],"wp:featuredmedia":[{"embeddable":true,"href":"https:\/\/revop-eshop.sk\/index.php?rest_route=\/wp\/v2\/media\/10856"}],"wp:attachment":[{"href":"https:\/\/revop-eshop.sk\/index.php?rest_route=%2Fwp%2Fv2%2Fmedia&parent=10857"}],"wp:term":[{"taxonomy":"product_brand","embeddable":true,"href":"https:\/\/revop-eshop.sk\/index.php?rest_route=%2Fwp%2Fv2%2Fproduct_brand&post=10857"},{"taxonomy":"product_cat","embeddable":true,"href":"https:\/\/revop-eshop.sk\/index.php?rest_route=%2Fwp%2Fv2%2Fproduct_cat&post=10857"},{"taxonomy":"product_tag","embeddable":true,"href":"https:\/\/revop-eshop.sk\/index.php?rest_route=%2Fwp%2Fv2%2Fproduct_tag&post=10857"}],"curies":[{"name":"wp","href":"https:\/\/api.w.org\/{rel}","templated":true}]}}