{"id":10820,"date":"2025-12-13T16:35:36","date_gmt":"2025-12-13T15:35:36","guid":{"rendered":"https:\/\/revop-eshop.sk\/?product=zmiesavacia-termostaticka-cerpadlova-skupina-5-4"},"modified":"2025-12-13T17:46:47","modified_gmt":"2025-12-13T16:46:47","slug":"zmiesavacia-termostaticka-cerpadlova-skupina-5-4","status":"publish","type":"product","link":"https:\/\/revop-eshop.sk\/?product=zmiesavacia-termostaticka-cerpadlova-skupina-5-4","title":{"rendered":"Zmie\u0161avacia termostatick\u00e1 \u010derpadlov\u00e1 skupina 5\/4&#8243;"},"content":{"rendered":"<p>\u010cerpadlov\u00e1 skupina je navrhnut\u00e1 pre vykurovacie syst\u00e9my na pripojenie vykurovacieho okruhu, ktor\u00fd vy\u017eaduje kon\u0161tantn\u00fa teplotu vykurovacej vody ni\u017e\u0161iu ako teplota vstupuj\u00faca zo zdroja tepla. Pomocou 3-cestn\u00e9ho termostatick\u00e9ho ventilu ESBE je mo\u017en\u00e9 dosiahnu\u0165 kon\u0161tantn\u00fa teplotu m\u00e9dia za \u010derpadlovou skupinou v rozsahu 20-43\u00b0C. Do \u010derpadlovej skupiny je mo\u017en\u00e9 namontova\u0165 obehov\u00e9 \u010derpadlo od r\u00f4znych v\u00fdrobcov so stavebnou d\u013a\u017ekou 180 mm. Pripojenie \u010derpadla zabezpe\u010duje prevle\u010dn\u00e1 matica s vn\u00fatorn\u00fdm z\u00e1vitom 6\/4\u201c. V \u010derpadlovej skupine s obehov\u00fdm \u010derpadlom je in\u0161talovan\u00e9 \u010derpadlo s elektronicky regulovan\u00fdmi ot\u00e1\u010dkami Grundfos UPM 3 25\/70. Vyhotovenie kompaktn\u00e1, predmontovan\u00e1 jednotka osaden\u00e1 do tvarovan\u00e9ho tepelnoizola\u010dn\u00e9ho obalu z EPP.<br \/>\nObsahuje 1\u00d7 \u010derpadlo,1\u00d7 3-cestn\u00fd termostatick\u00fd ventil, 2\u00d7 gu\u013eov\u00fd koh\u00fat, 2\u00d7 teplomer, 1\u00d7 sp\u00e4tn\u00e1 klapka, 2\u00d7 j\u00edmka pre teplotn\u00e9 \u010didlo<\/p>\n","protected":false},"excerpt":{"rendered":"<p>\u010cerpadlov\u00e1 skupina je navrhnut\u00e1 pre vykurovacie syst\u00e9my na pripojenie vykurovacieho okruhu, ktor\u00fd vy\u017eaduje kon\u0161tantn\u00fa teplotu vykurovacej vody ni\u017e\u0161iu ako teplota vstupuj\u00faca zo zdroja tepla. Pomocou 3-cestn\u00e9ho termostatick\u00e9ho ventilu ESBE je mo\u017en\u00e9 dosiahnu\u0165 kon\u0161tantn\u00fa teplotu m\u00e9dia za \u010derpadlovou skupinou v rozsahu 20-43\u00b0C. Do \u010derpadlovej skupiny je mo\u017en\u00e9 namontova\u0165 obehov\u00e9 \u010derpadlo od r\u00f4znych v\u00fdrobcov so stavebnou d\u013a\u017ekou [&hellip;]<\/p>\n","protected":false},"featured_media":10819,"comment_status":"open","ping_status":"closed","template":"","meta":{"jetpack_publicize_message":"","jetpack_publicize_feature_enabled":true,"jetpack_social_post_already_shared":true,"jetpack_social_options":{"image_generator_settings":{"template":"highway","default_image_id":0,"font":"","enabled":false},"version":2}},"product_brand":[],"product_cat":[2399],"product_tag":[2441],"class_list":{"0":"post-10820","1":"product","2":"type-product","3":"status-publish","4":"has-post-thumbnail","6":"product_cat-cerpadlove-skupiny","7":"product_tag-zmiesavacia-termostaticka-cerpadlova-skupina-5-4","9":"first","10":"instock","11":"taxable","12":"shipping-taxable","13":"purchasable","14":"product-type-simple"},"jetpack_publicize_connections":[],"jetpack_sharing_enabled":true,"_links":{"self":[{"href":"https:\/\/revop-eshop.sk\/index.php?rest_route=\/wp\/v2\/product\/10820","targetHints":{"allow":["GET"]}}],"collection":[{"href":"https:\/\/revop-eshop.sk\/index.php?rest_route=\/wp\/v2\/product"}],"about":[{"href":"https:\/\/revop-eshop.sk\/index.php?rest_route=\/wp\/v2\/types\/product"}],"replies":[{"embeddable":true,"href":"https:\/\/revop-eshop.sk\/index.php?rest_route=%2Fwp%2Fv2%2Fcomments&post=10820"}],"wp:featuredmedia":[{"embeddable":true,"href":"https:\/\/revop-eshop.sk\/index.php?rest_route=\/wp\/v2\/media\/10819"}],"wp:attachment":[{"href":"https:\/\/revop-eshop.sk\/index.php?rest_route=%2Fwp%2Fv2%2Fmedia&parent=10820"}],"wp:term":[{"taxonomy":"product_brand","embeddable":true,"href":"https:\/\/revop-eshop.sk\/index.php?rest_route=%2Fwp%2Fv2%2Fproduct_brand&post=10820"},{"taxonomy":"product_cat","embeddable":true,"href":"https:\/\/revop-eshop.sk\/index.php?rest_route=%2Fwp%2Fv2%2Fproduct_cat&post=10820"},{"taxonomy":"product_tag","embeddable":true,"href":"https:\/\/revop-eshop.sk\/index.php?rest_route=%2Fwp%2Fv2%2Fproduct_tag&post=10820"}],"curies":[{"name":"wp","href":"https:\/\/api.w.org\/{rel}","templated":true}]}}