{"id":10812,"date":"2025-12-13T16:35:31","date_gmt":"2025-12-13T15:35:31","guid":{"rendered":"https:\/\/revop-eshop.sk\/?product=priama-cerpadlova-skupina-5-4"},"modified":"2025-12-13T18:09:58","modified_gmt":"2025-12-13T17:09:58","slug":"priama-cerpadlova-skupina-5-4","status":"publish","type":"product","link":"https:\/\/revop-eshop.sk\/?product=priama-cerpadlova-skupina-5-4","title":{"rendered":"Priama \u010derpadlov\u00e1 skupina 5\/4&#8243;"},"content":{"rendered":"<p>\u010cerpadlov\u00e1 skupina je navrhnut\u00e1 pre vykurovacie a chladiace syst\u00e9my na pripojenie jednotliv\u00fdch vykurovac\u00edch alebo chladiacich okruhov, kde je vstupn\u00e1 teplota vody do okruhu rovnak\u00e1 ako v\u00fdstupn\u00e1 teplota vody zo zdroja tepla. M\u00f4\u017ee by\u0165 tie\u017e pou\u017eit\u00e1 na pripojenie z\u00e1sobn\u00edka teplej pitnej vody alebo akumula\u010dn\u00e9ho z\u00e1sobn\u00edka.<br \/>\nDo \u010derpadlovej skupiny je mo\u017en\u00e9 nain\u0161talova\u0165 obehov\u00e9 \u010derpadlo od r\u00f4znych v\u00fdrobcov so stavebnou d\u013a\u017ekou 180 mm, pri\u010dom pripojenie \u010derpadla je zabezpe\u010den\u00e9 pomocou prevle\u010dnej matice s vn\u00fatorn\u00fdm z\u00e1vitom 6\/4\u2033.<br \/>\nV \u010derpadlovej skupine s obehov\u00fdm \u010derpadlom je in\u0161talovan\u00e9 \u010derpadlo s elektronicky regulovan\u00fdmi ot\u00e1\u010dkami Grundfos UPM 3 25\/70.<br \/>\nVyhotovenie: Kompaktn\u00e1, predmontovan\u00e1 jednotka vlo\u017een\u00e1 do tvarovan\u00e9ho tepelnoizola\u010dn\u00e9ho obalu z EPP.<br \/>\nObsahuje: 1x \u010cerpadlo, 2x gu\u013eov\u00fd koh\u00fat, 2x teplomer, 1x sp\u00e4tn\u00fa klapku, 2\u00d7 j\u00edmka pre teplotn\u00e9 \u010didlo<\/p>\n","protected":false},"excerpt":{"rendered":"<p>\u010cerpadlov\u00e1 skupina je navrhnut\u00e1 pre vykurovacie a chladiace syst\u00e9my na pripojenie jednotliv\u00fdch vykurovac\u00edch alebo chladiacich okruhov, kde je vstupn\u00e1 teplota vody do okruhu rovnak\u00e1 ako v\u00fdstupn\u00e1 teplota vody zo zdroja tepla. M\u00f4\u017ee by\u0165 tie\u017e pou\u017eit\u00e1 na pripojenie z\u00e1sobn\u00edka teplej pitnej vody alebo akumula\u010dn\u00e9ho z\u00e1sobn\u00edka. Do \u010derpadlovej skupiny je mo\u017en\u00e9 nain\u0161talova\u0165 obehov\u00e9 \u010derpadlo od r\u00f4znych v\u00fdrobcov [&hellip;]<\/p>\n","protected":false},"featured_media":10811,"comment_status":"open","ping_status":"closed","template":"","meta":{"jetpack_publicize_message":"","jetpack_publicize_feature_enabled":true,"jetpack_social_post_already_shared":true,"jetpack_social_options":{"image_generator_settings":{"template":"highway","default_image_id":0,"font":"","enabled":false},"version":2}},"product_brand":[],"product_cat":[2399],"product_tag":[2443],"class_list":{"0":"post-10812","1":"product","2":"type-product","3":"status-publish","4":"has-post-thumbnail","6":"product_cat-cerpadlove-skupiny","7":"product_tag-priama-cerpadlova-skupina-5-4","9":"first","10":"instock","11":"taxable","12":"shipping-taxable","13":"purchasable","14":"product-type-simple"},"jetpack_publicize_connections":[],"jetpack_sharing_enabled":true,"_links":{"self":[{"href":"https:\/\/revop-eshop.sk\/index.php?rest_route=\/wp\/v2\/product\/10812","targetHints":{"allow":["GET"]}}],"collection":[{"href":"https:\/\/revop-eshop.sk\/index.php?rest_route=\/wp\/v2\/product"}],"about":[{"href":"https:\/\/revop-eshop.sk\/index.php?rest_route=\/wp\/v2\/types\/product"}],"replies":[{"embeddable":true,"href":"https:\/\/revop-eshop.sk\/index.php?rest_route=%2Fwp%2Fv2%2Fcomments&post=10812"}],"wp:featuredmedia":[{"embeddable":true,"href":"https:\/\/revop-eshop.sk\/index.php?rest_route=\/wp\/v2\/media\/10811"}],"wp:attachment":[{"href":"https:\/\/revop-eshop.sk\/index.php?rest_route=%2Fwp%2Fv2%2Fmedia&parent=10812"}],"wp:term":[{"taxonomy":"product_brand","embeddable":true,"href":"https:\/\/revop-eshop.sk\/index.php?rest_route=%2Fwp%2Fv2%2Fproduct_brand&post=10812"},{"taxonomy":"product_cat","embeddable":true,"href":"https:\/\/revop-eshop.sk\/index.php?rest_route=%2Fwp%2Fv2%2Fproduct_cat&post=10812"},{"taxonomy":"product_tag","embeddable":true,"href":"https:\/\/revop-eshop.sk\/index.php?rest_route=%2Fwp%2Fv2%2Fproduct_tag&post=10812"}],"curies":[{"name":"wp","href":"https:\/\/api.w.org\/{rel}","templated":true}]}}