{"id":10754,"date":"2025-12-13T16:34:50","date_gmt":"2025-12-13T15:34:50","guid":{"rendered":"https:\/\/revop-eshop.sk\/?product=zmiesavacia-termostaticka-cerpadlova-skupina-1"},"modified":"2025-12-13T17:57:31","modified_gmt":"2025-12-13T16:57:31","slug":"zmiesavacia-termostaticka-cerpadlova-skupina-1","status":"publish","type":"product","link":"https:\/\/revop-eshop.sk\/?product=zmiesavacia-termostaticka-cerpadlova-skupina-1","title":{"rendered":"Zmie\u0161avacia termostatick\u00e1 \u010derpadlov\u00e1 skupina 1&#8243;"},"content":{"rendered":"<p>\u010cerpadlov\u00e1 skupina je navrhnut\u00e1 pre vykurovacie syst\u00e9my na pripojenie vykurovacieho okruhu, ktor\u00fd vy\u017eaduje kon\u0161tantn\u00fa teplotu vykurovacej vody ni\u017e\u0161iu ako teplota vstupuj\u00faca zo zdroja tepla. Pomocou 3-cestn\u00e9ho termostatick\u00e9ho ventilu ESBE je mo\u017en\u00e9 dosiahnu\u0165 kon\u0161tantn\u00fa teplotu m\u00e9dia za \u010derpadlovou skupinou v rozsahu 20-43\u00b0C.<br \/>\nDo \u010derpadlovej skupiny bez obehov\u00e9ho \u010derpadla je mo\u017en\u00e9 namontova\u0165 obehov\u00e9 \u010derpadlo od r\u00f4znych v\u00fdrobcov so stavebnou d\u013a\u017ekou 130 mm. Pripojenie \u010derpadla zabezpe\u010duje prevle\u010dn\u00e1 matica s vn\u00fatorn\u00fdm z\u00e1vitom 1\u2033.<br \/>\nV \u010derpadlovej skupine s obehov\u00fdm \u010derpadlom je in\u0161talovan\u00e9 \u010derpadlo s elektronicky regulovan\u00fdmi ot\u00e1\u010dkami Grundfos UPM 3 15\/70.<br \/>\nVyhotovenie: kompaktn\u00e1, predmontovan\u00e1 jednotka osaden\u00e1 do tvarovan\u00e9ho tepelnoizola\u010dn\u00e9ho obalu z EPP.<br \/>\nObsahuje: 1x \u010cerpadlo,1x 3-cestn\u00fd termostatick\u00fd ventil, 2x gu\u013eov\u00fd koh\u00fat, 2x teplomer, 1x sp\u00e4tn\u00fa klapku.<\/p>\n","protected":false},"excerpt":{"rendered":"<p>\u010cerpadlov\u00e1 skupina je navrhnut\u00e1 pre vykurovacie syst\u00e9my na pripojenie vykurovacieho okruhu, ktor\u00fd vy\u017eaduje kon\u0161tantn\u00fa teplotu vykurovacej vody ni\u017e\u0161iu ako teplota vstupuj\u00faca zo zdroja tepla. Pomocou 3-cestn\u00e9ho termostatick\u00e9ho ventilu ESBE je mo\u017en\u00e9 dosiahnu\u0165 kon\u0161tantn\u00fa teplotu m\u00e9dia za \u010derpadlovou skupinou v rozsahu 20-43\u00b0C. Do \u010derpadlovej skupiny bez obehov\u00e9ho \u010derpadla je mo\u017en\u00e9 namontova\u0165 obehov\u00e9 \u010derpadlo od r\u00f4znych v\u00fdrobcov [&hellip;]<\/p>\n","protected":false},"featured_media":10753,"comment_status":"open","ping_status":"closed","template":"","meta":{"jetpack_publicize_message":"","jetpack_publicize_feature_enabled":true,"jetpack_social_post_already_shared":true,"jetpack_social_options":{"image_generator_settings":{"template":"highway","default_image_id":0,"font":"","enabled":false},"version":2}},"product_brand":[],"product_cat":[2399],"product_tag":[2463],"class_list":{"0":"post-10754","1":"product","2":"type-product","3":"status-publish","4":"has-post-thumbnail","6":"product_cat-cerpadlove-skupiny","7":"product_tag-zmiesavacia-termostaticka-cerpadlova-skupina-1","9":"first","10":"instock","11":"taxable","12":"shipping-taxable","13":"purchasable","14":"product-type-simple"},"jetpack_publicize_connections":[],"jetpack_sharing_enabled":true,"_links":{"self":[{"href":"https:\/\/revop-eshop.sk\/index.php?rest_route=\/wp\/v2\/product\/10754","targetHints":{"allow":["GET"]}}],"collection":[{"href":"https:\/\/revop-eshop.sk\/index.php?rest_route=\/wp\/v2\/product"}],"about":[{"href":"https:\/\/revop-eshop.sk\/index.php?rest_route=\/wp\/v2\/types\/product"}],"replies":[{"embeddable":true,"href":"https:\/\/revop-eshop.sk\/index.php?rest_route=%2Fwp%2Fv2%2Fcomments&post=10754"}],"wp:featuredmedia":[{"embeddable":true,"href":"https:\/\/revop-eshop.sk\/index.php?rest_route=\/wp\/v2\/media\/10753"}],"wp:attachment":[{"href":"https:\/\/revop-eshop.sk\/index.php?rest_route=%2Fwp%2Fv2%2Fmedia&parent=10754"}],"wp:term":[{"taxonomy":"product_brand","embeddable":true,"href":"https:\/\/revop-eshop.sk\/index.php?rest_route=%2Fwp%2Fv2%2Fproduct_brand&post=10754"},{"taxonomy":"product_cat","embeddable":true,"href":"https:\/\/revop-eshop.sk\/index.php?rest_route=%2Fwp%2Fv2%2Fproduct_cat&post=10754"},{"taxonomy":"product_tag","embeddable":true,"href":"https:\/\/revop-eshop.sk\/index.php?rest_route=%2Fwp%2Fv2%2Fproduct_tag&post=10754"}],"curies":[{"name":"wp","href":"https:\/\/api.w.org\/{rel}","templated":true}]}}