{"id":10562,"date":"2025-12-11T17:13:49","date_gmt":"2025-12-11T16:13:49","guid":{"rendered":"https:\/\/revop-eshop.sk\/?product=uzatvaraci-ventil-rozdelovaca-zwu-a-cwu-set"},"modified":"2025-12-11T18:08:33","modified_gmt":"2025-12-11T17:08:33","slug":"uzatvaraci-ventil-rozdelovaca-zwu-a-cwu-set","status":"publish","type":"product","link":"https:\/\/revop-eshop.sk\/?product=uzatvaraci-ventil-rozdelovaca-zwu-a-cwu-set","title":{"rendered":"Uzatv\u00e1rac\u00ed ventil rozde\u013eova\u010da ZWU a CWU set"},"content":{"rendered":"","protected":false},"excerpt":{"rendered":"","protected":false},"featured_media":10561,"comment_status":"open","ping_status":"closed","template":"","meta":{"jetpack_publicize_message":"","jetpack_publicize_feature_enabled":true,"jetpack_social_post_already_shared":true,"jetpack_social_options":{"image_generator_settings":{"template":"highway","default_image_id":0,"font":"","enabled":false},"version":2}},"product_brand":[],"product_cat":[2183],"product_tag":[2269,1634,2270,2258,2271,1011,2268],"class_list":{"0":"post-10562","1":"product","2":"type-product","3":"status-publish","4":"has-post-thumbnail","6":"product_cat-prislusenstvo-pre-rozdelovace","7":"product_tag-cwu","8":"product_tag-rozdelovaca","9":"product_tag-set","10":"product_tag-uzatvaraci","11":"product_tag-uzatvaraci-ventil-rozdelovaca-zwu-a-cwu-set","12":"product_tag-ventil","13":"product_tag-zwu","15":"first","16":"instock","17":"taxable","18":"shipping-taxable","19":"purchasable","20":"product-type-simple"},"jetpack_publicize_connections":[],"jetpack_sharing_enabled":true,"_links":{"self":[{"href":"https:\/\/revop-eshop.sk\/index.php?rest_route=\/wp\/v2\/product\/10562","targetHints":{"allow":["GET"]}}],"collection":[{"href":"https:\/\/revop-eshop.sk\/index.php?rest_route=\/wp\/v2\/product"}],"about":[{"href":"https:\/\/revop-eshop.sk\/index.php?rest_route=\/wp\/v2\/types\/product"}],"replies":[{"embeddable":true,"href":"https:\/\/revop-eshop.sk\/index.php?rest_route=%2Fwp%2Fv2%2Fcomments&post=10562"}],"wp:featuredmedia":[{"embeddable":true,"href":"https:\/\/revop-eshop.sk\/index.php?rest_route=\/wp\/v2\/media\/10561"}],"wp:attachment":[{"href":"https:\/\/revop-eshop.sk\/index.php?rest_route=%2Fwp%2Fv2%2Fmedia&parent=10562"}],"wp:term":[{"taxonomy":"product_brand","embeddable":true,"href":"https:\/\/revop-eshop.sk\/index.php?rest_route=%2Fwp%2Fv2%2Fproduct_brand&post=10562"},{"taxonomy":"product_cat","embeddable":true,"href":"https:\/\/revop-eshop.sk\/index.php?rest_route=%2Fwp%2Fv2%2Fproduct_cat&post=10562"},{"taxonomy":"product_tag","embeddable":true,"href":"https:\/\/revop-eshop.sk\/index.php?rest_route=%2Fwp%2Fv2%2Fproduct_tag&post=10562"}],"curies":[{"name":"wp","href":"https:\/\/api.w.org\/{rel}","templated":true}]}}