{"id":10487,"date":"2025-12-11T17:13:01","date_gmt":"2025-12-11T16:13:01","guid":{"rendered":"https:\/\/revop-eshop.sk\/?product=rozdelovac-10-okruhov-mosadz-s-mechanickymi-prietokomermi"},"modified":"2025-12-11T18:31:33","modified_gmt":"2025-12-11T17:31:33","slug":"rozdelovac-10-okruhov-mosadz-s-mechanickymi-prietokomermi","status":"publish","type":"product","link":"https:\/\/revop-eshop.sk\/?product=rozdelovac-10-okruhov-mosadz-s-mechanickymi-prietokomermi","title":{"rendered":"Rozde\u013eova\u010d 10 okruhov mosadz s mechanick\u00fdmi prietokomermi"},"content":{"rendered":"<p>&#8220;Vysokokvalitn\u00e9 mosadzn\u00e9 rozde\u013eova\u010de s obsahom olova men\u0161\u00edm ako 3% sp\u013a\u0148aj\u00fa pr\u00edsne normy pre in\u0161tal\u00e1cie v TZB.<br \/>\nPrevedenie prietokomerov z mosadze zabezpe\u010duje efekt\u00edvne a dlhodob\u00e9 pou\u017e\u00edvanie, umo\u017e\u0148uj\u00fa presn\u00e9 nastavenie prietokov vo vykurovac\u00edch okruhoch od 0 po 3,5I\/min. <\/p>\n<p>Pripojenie rozde\u013eova\u010da je ukon\u010den\u00e9 1\u201d vn\u00fatorn\u00fdm z\u00e1vitom. Druh\u00e1 strana nosn\u00edka je zaslepen\u00e1 1\u201d z\u00e1tkou<br \/>\n(mo\u017enos\u0165 pripojenia pravej alebo \u013eavej strany).<\/p>\n<p>V\u00fdstupy pre jednotliv\u00e9 okruhy s\u00fa ukon\u010den\u00e9 3\/4\u2033 z\u00e1vitom na eurok\u00f3nus. Pripojenie pre elektro ventil z\u00e1vit M30x1,5<\/p>\n<p>Zostava je ur\u010den\u00e1 pre povrchov\u00e9 in\u0161tal\u00e1cie ako je podlahov\u00e9 alebo stenov\u00e9 vykurovanie.<br \/>\nKa\u017ed\u00fd kus je testovan\u00fd na tesnos\u0165.<\/p>\n<p>Rozde\u013eova\u010de nie s\u00fa vhodn\u00e9 na pou\u017eitie s kvapalinami odvoden\u00fdmi od glykolu alebo in\u00fdmi koroz\u00edvnymi kvapalinami.<br \/>\nAk je koncentr\u00e1cia t\u00fdchto tekut\u00edn pr\u00edli\u0161 vysok\u00e1, prietokomery sa m\u00f4\u017eu po\u0161kodi\u0165.<br \/>\nV pr\u00edpade potreby pou\u017eitia glykolu alebo in\u00fdch odvoden\u00fdch l\u00e1tok odporu\u010dujeme pou\u017ei\u0165 rozde\u013eova\u010de s magnetick\u00fdmi prietokomermi. (na dopyt, nev\u00e1hajte n\u00e1s kontaktova\u0165) <\/p>\n<p>V\u0161etky komponenty ako n\u00e1hradne diely m\u00e1me skladom.<\/p>\n<p>Zostava obsahuje <\/p>\n<p>Mosadzn\u00fd nosn\u00edk 1\u201c \u2013 2ks<br \/>\nSpojovacie uchytenie nosn\u00edkov \u2013 2ks<br \/>\nOdvzdu\u0161\u0148ovac\u00ed ventil \u2013 2ks<br \/>\nVyp\u00fa\u0161\u0165ac\u00ed ventil \u2013 2ks<br \/>\nVyva\u017eovacie ventile a prietokomery pod\u013ea po\u010dtu okruhov. &#8220;<\/p>\n","protected":false},"excerpt":{"rendered":"<p>&#8220;Vysokokvalitn\u00e9 mosadzn\u00e9 rozde\u013eova\u010de s obsahom olova men\u0161\u00edm ako 3% sp\u013a\u0148aj\u00fa pr\u00edsne normy pre in\u0161tal\u00e1cie v TZB. Prevedenie prietokomerov z mosadze zabezpe\u010duje efekt\u00edvne a dlhodob\u00e9 pou\u017e\u00edvanie, umo\u017e\u0148uj\u00fa presn\u00e9 nastavenie prietokov vo vykurovac\u00edch okruhoch od 0 po 3,5I\/min. Pripojenie rozde\u013eova\u010da je ukon\u010den\u00e9 1\u201d vn\u00fatorn\u00fdm z\u00e1vitom. Druh\u00e1 strana nosn\u00edka je zaslepen\u00e1 1\u201d z\u00e1tkou (mo\u017enos\u0165 pripojenia pravej alebo \u013eavej [&hellip;]<\/p>\n","protected":false},"featured_media":10476,"comment_status":"open","ping_status":"closed","template":"","meta":{"jetpack_publicize_message":"","jetpack_publicize_feature_enabled":true,"jetpack_social_post_already_shared":true,"jetpack_social_options":{"image_generator_settings":{"template":"highway","default_image_id":0,"font":"","enabled":false},"version":2}},"product_brand":[],"product_cat":[2184],"product_tag":[1825,2351,1076,2193,2352,481,2357,2350],"class_list":{"0":"post-10487","1":"product","2":"type-product","3":"status-publish","4":"has-post-thumbnail","6":"product_cat-rozdelovace-mosadzne-pre-podlahove-vykurovanie","7":"product_tag-1825","8":"product_tag-mechanickymi","9":"product_tag-mosadz","10":"product_tag-okruhov","11":"product_tag-prietokomermi","12":"product_tag-rozdelovac","13":"product_tag-rozdelovac-10-okruhov-mosadz-s-mechanickymi-prietokomermi","14":"product_tag-s","16":"first","17":"instock","18":"taxable","19":"shipping-taxable","20":"purchasable","21":"product-type-simple"},"jetpack_publicize_connections":[],"jetpack_sharing_enabled":true,"_links":{"self":[{"href":"https:\/\/revop-eshop.sk\/index.php?rest_route=\/wp\/v2\/product\/10487","targetHints":{"allow":["GET"]}}],"collection":[{"href":"https:\/\/revop-eshop.sk\/index.php?rest_route=\/wp\/v2\/product"}],"about":[{"href":"https:\/\/revop-eshop.sk\/index.php?rest_route=\/wp\/v2\/types\/product"}],"replies":[{"embeddable":true,"href":"https:\/\/revop-eshop.sk\/index.php?rest_route=%2Fwp%2Fv2%2Fcomments&post=10487"}],"wp:featuredmedia":[{"embeddable":true,"href":"https:\/\/revop-eshop.sk\/index.php?rest_route=\/wp\/v2\/media\/10476"}],"wp:attachment":[{"href":"https:\/\/revop-eshop.sk\/index.php?rest_route=%2Fwp%2Fv2%2Fmedia&parent=10487"}],"wp:term":[{"taxonomy":"product_brand","embeddable":true,"href":"https:\/\/revop-eshop.sk\/index.php?rest_route=%2Fwp%2Fv2%2Fproduct_brand&post=10487"},{"taxonomy":"product_cat","embeddable":true,"href":"https:\/\/revop-eshop.sk\/index.php?rest_route=%2Fwp%2Fv2%2Fproduct_cat&post=10487"},{"taxonomy":"product_tag","embeddable":true,"href":"https:\/\/revop-eshop.sk\/index.php?rest_route=%2Fwp%2Fv2%2Fproduct_tag&post=10487"}],"curies":[{"name":"wp","href":"https:\/\/api.w.org\/{rel}","templated":true}]}}