{"id":10467,"date":"2025-12-11T17:12:50","date_gmt":"2025-12-11T16:12:50","guid":{"rendered":"https:\/\/revop-eshop.sk\/?product=rozdelovac-7-okruhov-mosadz-s-mechanickymi-ventilmi"},"modified":"2025-12-11T18:38:16","modified_gmt":"2025-12-11T17:38:16","slug":"rozdelovac-7-okruhov-mosadz-s-mechanickymi-ventilmi","status":"publish","type":"product","link":"https:\/\/revop-eshop.sk\/?product=rozdelovac-7-okruhov-mosadz-s-mechanickymi-ventilmi","title":{"rendered":"Rozde\u013eova\u010d 7 okruhov mosadz s mechanick\u00fdmi ventilmi"},"content":{"rendered":"<p>Vysokokvalitn\u00e9 mosadzn\u00e9 rozde\u013eova\u010de s obsahom olova men\u0161\u00edm ako 3 % sp\u013a\u0148aj\u00fa pr\u00edsne normy pre in\u0161tal\u00e1cie v TZB.<br \/>\nUzatv\u00e1racie ventily z mosadze zabezpe\u010duj\u00fa efekt\u00edvne a dlhodob\u00e9 pou\u017e\u00edvanie, umo\u017e\u0148uj\u00fa regul\u00e1ciu prietokov na jednotliv\u00fdch okruhoch.<br \/>\nPripojenie rozde\u013eova\u010da je ukon\u010den\u00e9 1\u201d vn\u00fatorn\u00fdm z\u00e1vitom. Druh\u00e1 strana nosn\u00edka je zaslepen\u00e1 1\u201d z\u00e1tkou (mo\u017enos\u0165 pripojenia pravej alebo \u013eavej strany).<br \/>\nV\u00fdstupy pre jednotliv\u00e9 okruhy s\u00fa ukon\u010den\u00e9 3\/4\u201d z\u00e1vitom na eurok\u00f3nus.<br \/>\nZostava je ur\u010den\u00e1 pre povrchov\u00e9 in\u0161tal\u00e1cie. <\/p>\n<p>Zostava obsahuje:<br \/>\n2\u00d7 mosadzn\u00fd nosn\u00edk 1\u201c<br \/>\n2\u00d7 spojovacie uchytenie nosn\u00edkov<br \/>\n2\u00d7 odvzdu\u0161\u0148ovac\u00ed ventil<br \/>\nUzatv\u00e1racie ventily pod\u013ea po\u010dtu okruhov<\/p>\n","protected":false},"excerpt":{"rendered":"<p>Vysokokvalitn\u00e9 mosadzn\u00e9 rozde\u013eova\u010de s obsahom olova men\u0161\u00edm ako 3 % sp\u013a\u0148aj\u00fa pr\u00edsne normy pre in\u0161tal\u00e1cie v TZB. Uzatv\u00e1racie ventily z mosadze zabezpe\u010duj\u00fa efekt\u00edvne a dlhodob\u00e9 pou\u017e\u00edvanie, umo\u017e\u0148uj\u00fa regul\u00e1ciu prietokov na jednotliv\u00fdch okruhoch. Pripojenie rozde\u013eova\u010da je ukon\u010den\u00e9 1\u201d vn\u00fatorn\u00fdm z\u00e1vitom. Druh\u00e1 strana nosn\u00edka je zaslepen\u00e1 1\u201d z\u00e1tkou (mo\u017enos\u0165 pripojenia pravej alebo \u013eavej strany). V\u00fdstupy pre jednotliv\u00e9 [&hellip;]<\/p>\n","protected":false},"featured_media":10459,"comment_status":"open","ping_status":"closed","template":"","meta":{"jetpack_publicize_message":"","jetpack_publicize_feature_enabled":true,"jetpack_social_post_already_shared":true,"jetpack_social_options":{"image_generator_settings":{"template":"highway","default_image_id":0,"font":"","enabled":false},"version":2}},"product_brand":[],"product_cat":[2186],"product_tag":[247,2351,1076,2193,481,2372,2350,2364],"class_list":{"0":"post-10467","1":"product","2":"type-product","3":"status-publish","4":"has-post-thumbnail","6":"product_cat-rozdelovace-mosadzne-k-radiatorom","7":"product_tag-247","8":"product_tag-mechanickymi","9":"product_tag-mosadz","10":"product_tag-okruhov","11":"product_tag-rozdelovac","12":"product_tag-rozdelovac-7-okruhov-mosadz-s-mechanickymi-ventilmi","13":"product_tag-s","14":"product_tag-ventilmi","16":"first","17":"instock","18":"taxable","19":"shipping-taxable","20":"purchasable","21":"product-type-simple"},"jetpack_publicize_connections":[],"jetpack_sharing_enabled":true,"_links":{"self":[{"href":"https:\/\/revop-eshop.sk\/index.php?rest_route=\/wp\/v2\/product\/10467","targetHints":{"allow":["GET"]}}],"collection":[{"href":"https:\/\/revop-eshop.sk\/index.php?rest_route=\/wp\/v2\/product"}],"about":[{"href":"https:\/\/revop-eshop.sk\/index.php?rest_route=\/wp\/v2\/types\/product"}],"replies":[{"embeddable":true,"href":"https:\/\/revop-eshop.sk\/index.php?rest_route=%2Fwp%2Fv2%2Fcomments&post=10467"}],"wp:featuredmedia":[{"embeddable":true,"href":"https:\/\/revop-eshop.sk\/index.php?rest_route=\/wp\/v2\/media\/10459"}],"wp:attachment":[{"href":"https:\/\/revop-eshop.sk\/index.php?rest_route=%2Fwp%2Fv2%2Fmedia&parent=10467"}],"wp:term":[{"taxonomy":"product_brand","embeddable":true,"href":"https:\/\/revop-eshop.sk\/index.php?rest_route=%2Fwp%2Fv2%2Fproduct_brand&post=10467"},{"taxonomy":"product_cat","embeddable":true,"href":"https:\/\/revop-eshop.sk\/index.php?rest_route=%2Fwp%2Fv2%2Fproduct_cat&post=10467"},{"taxonomy":"product_tag","embeddable":true,"href":"https:\/\/revop-eshop.sk\/index.php?rest_route=%2Fwp%2Fv2%2Fproduct_tag&post=10467"}],"curies":[{"name":"wp","href":"https:\/\/api.w.org\/{rel}","templated":true}]}}