{"id":10340,"date":"2025-12-08T23:25:59","date_gmt":"2025-12-08T22:25:59","guid":{"rendered":"https:\/\/revop-eshop.sk\/?product=elektricka-spirala-gr-6-4%e2%80%b3-3kw-230v-s-regulaciou"},"modified":"2025-12-09T19:48:12","modified_gmt":"2025-12-09T18:48:12","slug":"elektricka-spirala-gr-6-4%e2%80%b3-3kw-230v-s-regulaciou","status":"publish","type":"product","link":"https:\/\/revop-eshop.sk\/?product=elektricka-spirala-gr-6-4%e2%80%b3-3kw-230v-s-regulaciou","title":{"rendered":"Elektrick\u00e1 \u0161pir\u00e1la GR 6\/4\u2033 3kW 230V s regul\u00e1ciou"},"content":{"rendered":"<p>Elektrick\u00e1 \u0161pir\u00e1la GR je model s regulovanou teplotou ur\u010den\u00fd pre kotly a ohrieva\u010de vody vr\u00e1tane t\u00fdch, ktor\u00e9 pracuj\u00fa v sol\u00e1rnych syst\u00e9moch. Ohrieva\u010de je mo\u017en\u00e9 pou\u017ei\u0165 aj v n\u00e1dr\u017eiach z nehrdzavej\u00facej ocele.<\/p>\n<p>A [MM] &#8211; 370<\/p>\n<p>B [MM] &#8211; 70<\/p>\n<p>D\u013a\u017eka k\u00e1bla [MM] &#8211; 1200<\/p>\n<p>Ohrieva\u010d m\u00e1 pevn\u00fd kryt na materi\u00e1l ABS, spo\u013eahliv\u00fd termostat Cotherm a mosadzn\u00fd kryt na jednoduch\u00fa in\u0161tal\u00e1ciu v n\u00e1dr\u017ei. Ohrieva\u010d m\u00e1 hladk\u00fa regul\u00e1ciu teploty vody v rozsahu 15-65\u00b0C (+-5\u00b0C).<\/p>\n<p>\u0160pir\u00e1la GR je k dispoz\u00edcii v 1,5 kW, 2,0 kW a 3,0kW a 3,0kW na 5\/4&#8243; alebo 6\/4&#8243; z\u00e1vit.<\/p>\n<p>Vy\u0161\u0161\u00ed v\u00fdkon (a\u017e 12,0 kW) je k dispoz\u00edcii v modeli GR-B.<\/p>\n","protected":false},"excerpt":{"rendered":"<p>Elektrick\u00e1 \u0161pir\u00e1la GR je model s regulovanou teplotou ur\u010den\u00fd pre kotly a ohrieva\u010de vody vr\u00e1tane t\u00fdch, ktor\u00e9 pracuj\u00fa v sol\u00e1rnych syst\u00e9moch. Ohrieva\u010de je mo\u017en\u00e9 pou\u017ei\u0165 aj v n\u00e1dr\u017eiach z nehrdzavej\u00facej ocele. A [MM] &#8211; 370 B [MM] &#8211; 70 D\u013a\u017eka k\u00e1bla [MM] &#8211; 1200 Ohrieva\u010d m\u00e1 pevn\u00fd kryt na materi\u00e1l ABS, spo\u013eahliv\u00fd termostat Cotherm a [&hellip;]<\/p>\n","protected":false},"featured_media":10334,"comment_status":"open","ping_status":"closed","template":"","meta":{"jetpack_publicize_message":"","jetpack_publicize_feature_enabled":true,"jetpack_social_post_already_shared":true,"jetpack_social_options":{"image_generator_settings":{"template":"highway","default_image_id":0,"font":"","enabled":false},"version":2}},"product_brand":[],"product_cat":[2112],"product_tag":[895,2139,2122,1520,2157,2156,2125,1942],"class_list":{"0":"post-10340","1":"product","2":"type-product","3":"status-publish","4":"has-post-thumbnail","6":"product_cat-prislusenstvo-k-zasobnikom-a-akumulacnym-nadobam","7":"product_tag-230v","8":"product_tag-3kw","9":"product_tag-6-4","10":"product_tag-elektricka","11":"product_tag-elektricka-spirala-gr-6-4-3kw-230v-s-regulaciou","12":"product_tag-gr","13":"product_tag-regulaciou","14":"product_tag-spirala","16":"first","17":"instock","18":"taxable","19":"shipping-taxable","20":"purchasable","21":"product-type-simple"},"jetpack_publicize_connections":[],"jetpack_sharing_enabled":true,"_links":{"self":[{"href":"https:\/\/revop-eshop.sk\/index.php?rest_route=\/wp\/v2\/product\/10340","targetHints":{"allow":["GET"]}}],"collection":[{"href":"https:\/\/revop-eshop.sk\/index.php?rest_route=\/wp\/v2\/product"}],"about":[{"href":"https:\/\/revop-eshop.sk\/index.php?rest_route=\/wp\/v2\/types\/product"}],"replies":[{"embeddable":true,"href":"https:\/\/revop-eshop.sk\/index.php?rest_route=%2Fwp%2Fv2%2Fcomments&post=10340"}],"wp:featuredmedia":[{"embeddable":true,"href":"https:\/\/revop-eshop.sk\/index.php?rest_route=\/wp\/v2\/media\/10334"}],"wp:attachment":[{"href":"https:\/\/revop-eshop.sk\/index.php?rest_route=%2Fwp%2Fv2%2Fmedia&parent=10340"}],"wp:term":[{"taxonomy":"product_brand","embeddable":true,"href":"https:\/\/revop-eshop.sk\/index.php?rest_route=%2Fwp%2Fv2%2Fproduct_brand&post=10340"},{"taxonomy":"product_cat","embeddable":true,"href":"https:\/\/revop-eshop.sk\/index.php?rest_route=%2Fwp%2Fv2%2Fproduct_cat&post=10340"},{"taxonomy":"product_tag","embeddable":true,"href":"https:\/\/revop-eshop.sk\/index.php?rest_route=%2Fwp%2Fv2%2Fproduct_tag&post=10340"}],"curies":[{"name":"wp","href":"https:\/\/api.w.org\/{rel}","templated":true}]}}