{"id":10120,"date":"2025-12-04T13:20:04","date_gmt":"2025-12-04T12:20:04","guid":{"rendered":"https:\/\/revop-eshop.sk\/?post_type=product&#038;p=10120"},"modified":"2025-12-04T16:22:54","modified_gmt":"2025-12-04T15:22:54","slug":"rozsirovacia-sada-zmiesavaca-eu-i-1m","status":"publish","type":"product","link":"https:\/\/revop-eshop.sk\/?product=rozsirovacia-sada-zmiesavaca-eu-i-1m","title":{"rendered":"Roz\u0161irovacia sada zmie\u0161ava\u010da EU-i-1m"},"content":{"rendered":"\n<h3 class=\"wp-block-heading\">Roz\u0161irovacia sada zmie\u0161ava\u010da EU-i-1m<\/h3>\n\n\n\n<p>Pr\u00eddavn\u00fd modul pre zmie\u0161avac\u00ed\u00a0ventil\u00a0a jeho \u010derpadlo spolupracuje s hlavnou regul\u00e1ciou pomocou RS komunik\u00e1cie.<\/p>\n\n\n\n<p>V\u0161etky nastavenia s\u00fa vykon\u00e1van\u00e9 pomocou displeja z hlavnej regul\u00e1cie.<\/p>\n\n\n\n<p><strong>Funkcie:<\/strong><\/p>\n\n\n\n<ul class=\"wp-block-list\">\n<li>plynul\u00e1 regul\u00e1cia zmie\u0161avacieho ventila a jeho \u010derpadla s mo\u017enos\u0165ami: st\u00e1la teplota, ekvitermick\u00e1 regul\u00e1cia, korekcia teploty ventila pod\u013ea izbovej teploty, t\u00fd\u017edenn\u00fd program vykurovania<\/li>\n\n\n\n<li>spolupr\u00e1ca s bytov\u00fdm termostatom so \u0161tandardnou komunik\u00e1ciou (<a href=\"https:\/\/tech-reg.sk\/k\/dvojpolohove-izbove-regulacie-s-benou-komunikaciou-onoff\" target=\"_blank\" rel=\"noreferrer noopener\"><strong>dvojpolohov\u00fd \u2013 zap\/vyp<\/strong><\/a>) s mo\u017enos\u0165ou zn\u00ed\u017eenia teploty ventilu alebo jeho zatvorenia<\/li>\n\n\n\n<li>iba ako pr\u00eddavn\u00fd modul k\u00a0EU-i-1,\u00a0EU-i-1 TUV,\u00a0EU-i-2 PLUS,\u00a0EU-i-3 PLUS,<strong>\u00a0samostatne nepracuje<\/strong>.\u00a0<\/li>\n<\/ul>\n\n\n\n<p><strong>Vybavenie:<\/strong><\/p>\n\n\n\n<ul class=\"wp-block-list\">\n<li>sn\u00edma\u010d teploty zdroja tepla<\/li>\n\n\n\n<li>sn\u00edma\u010d teploty ventila<\/li>\n\n\n\n<li>sn\u00edma\u010d teploty spiato\u010dky<\/li>\n\n\n\n<li>ekvitermick\u00fd sn\u00edma\u010d (vonkaj\u0161ej teploty)<\/li>\n\n\n\n<li>pl\u00e1\u0161\u0165 prisp\u00f4soben\u00fd k in\u0161tal\u00e1cii na stenu<\/li>\n<\/ul>\n\n\n\n<h3 class=\"wp-block-heading\"><strong>Parametre produktu :<\/strong><\/h3>\n\n\n\n<figure class=\"wp-block-table is-style-stripes\"><table class=\"has-fixed-layout\"><tbody><tr><th class=\"has-text-align-left\" data-align=\"left\"><strong>\u0160pecifik\u00e1cia&nbsp;<\/strong><\/th><th class=\"has-text-align-left\" data-align=\"left\">Hodnota<\/th><\/tr><tr><td class=\"has-text-align-left\" data-align=\"left\">Nap\u00e1janie<\/td><td class=\"has-text-align-left\" data-align=\"left\">230V +\/- 10% \/50Hz&nbsp;<\/td><\/tr><tr><td class=\"has-text-align-left\" data-align=\"left\">Maxim\u00e1lna spotreba energie&nbsp;<a href=\"https:\/\/www.atria.sk\/slovnik-pojmov\/regulator\/\" target=\"_blank\" rel=\"noopener\">regul\u00e1tora<\/a><\/td><td class=\"has-text-align-left\" data-align=\"left\">2 W<\/td><\/tr><tr><td class=\"has-text-align-left\" data-align=\"left\">Teplota prostredia<\/td><td class=\"has-text-align-left\" data-align=\"left\">10\u00f750 \u00b0C<\/td><\/tr><tr><td class=\"has-text-align-left\" data-align=\"left\">Teplotn\u00e1 odolnos\u0165 sn\u00edma\u010da<\/td><td class=\"has-text-align-left\" data-align=\"left\">-30\u00f799 \u00b0C<\/td><\/tr><tr><td class=\"has-text-align-left\" data-align=\"left\"><a href=\"https:\/\/www.atria.sk\/slovnik-pojmov\/poistka\/\" target=\"_blank\" rel=\"noopener\">Poistka<\/a><\/td><td class=\"has-text-align-left\" data-align=\"left\">1,6 A<\/td><\/tr><tr><td class=\"has-text-align-left\" data-align=\"left\">Rozsah teplotn\u00e9ho nastavenia<\/td><td class=\"has-text-align-left\" data-align=\"left\">20\u00f755 \u00b0C<\/td><\/tr><tr><td class=\"has-text-align-left\" data-align=\"left\">Z\u00e1\u0165a\u017e na v\u00fdstupe ventila<\/td><td class=\"has-text-align-left\" data-align=\"left\">1 A<\/td><\/tr><\/tbody><\/table><\/figure>\n\n\n\n<p><\/p>\n\n\n\n<p><strong>Sch\u00e9ma in\u0161tal\u00e1cie:<\/strong><\/p>\n\n\n\n<figure class=\"wp-block-image\"><img decoding=\"async\" src=\"https:\/\/tech-reg.sk\/p\/!uploads\/i_1m_SK.png.webp\" alt=\"\"\/><\/figure>\n\n\n\n<p><\/p>\n","protected":false},"excerpt":{"rendered":"<div>\n<div>\n<p><strong>modul pre regul\u00e1cie EU-i-1\/i-2\/i-3\/i-3PLUS, 1x <span class=\"show-tooltip\" title=\"\" data-original-title=\"\n\u010cerpadlo\u00a0alebo\u00a0pumpa\u00a0je\u00a0zariadenie\u00a0- mechanick\u00fd\u00a0stroj, ktor\u00fd dod\u00e1va\u00a0kinetick\u00fa,\u00a0potenci\u00e1lnu\u00a0alebo tlakov\u00fa\u00a0energiu tekutine, ktor\u00e1 cez neho pretek\u00e1. Pomocou \u010derpadla sa prepravuj\u00fa tekut\u00e9 alebo plynn\u00e9\u2026\">\u010derpadlo<\/span>, 1x\u00a0<span class=\"show-tooltip\" title=\"\" data-original-title=\"\n\n\nServopohon je zariadenie, ktor\u00e9 sa pou\u017e\u00edva na riadenie alebo pohyb ur\u010dit\u00e9ho mechanick\u00e9ho syst\u00e9mu pomocou elektromotora alebo hydraulick\u00e9ho aktu\u00e1tora. Jeho hlavn\u00fdm \u00fa\u010delom je zabezpe\u010di\u0165 presn\u00e9 a presn\u00e9 riadenie pohybu, \u010dasto s mo\u017enos\u0165ou\u2026\">servopohon<\/span>\u00a0<\/strong><\/p>\n<ul>\n<li>v kombin\u00e1cii s EU-i-2 Plus OT mo\u017en\u00e9 doplni\u0165 max. 3 ks<\/li>\n<li>v kombin\u00e1cii s EU-i-3 Plus OT mo\u017en\u00e9 doplni\u0165 max. 2 ks<\/li>\n<\/ul>\n<\/div>\n<\/div>\n<div>\n<h4><strong style=\"font-size: 16px;\"><a href=\"http:\/\/revop-eshop.sk\/wp-content\/uploads\/2024\/05\/Zasobnikove_ohrievace_vody_Vitocell.pdf\"><img decoding=\"async\" class=\"alignnone wp-image-4368\" src=\"http:\/\/revop-eshop.sk\/wp-content\/uploads\/2024\/07\/view-ikona-257x300.png\" alt=\"\" width=\"24\" height=\"28\" srcset=\"https:\/\/revop-eshop.sk\/wp-content\/uploads\/2024\/07\/view-ikona-257x300.png 257w, https:\/\/revop-eshop.sk\/wp-content\/uploads\/2024\/07\/view-ikona-150x175.png 150w, https:\/\/revop-eshop.sk\/wp-content\/uploads\/2024\/07\/view-ikona-416x485.png 416w, https:\/\/revop-eshop.sk\/wp-content\/uploads\/2024\/07\/view-ikona-10x12.png 10w, https:\/\/revop-eshop.sk\/wp-content\/uploads\/2024\/07\/view-ikona.png 439w\" sizes=\"(max-width: 24px) 100vw, 24px\" \/><\/a><\/strong> <a href=\"https:\/\/revop-eshop.sk\/wp-content\/uploads\/2025\/12\/eu_i-1m_sk.pdf\" target=\"_blank\" rel=\"noopener\">N\u00e1vod na obsluhu<\/a><\/h4>\n<p>&nbsp;<\/p>\n<p>&nbsp;<\/p>\n<\/div>\n","protected":false},"featured_media":10123,"comment_status":"open","ping_status":"closed","template":"","meta":{"jetpack_publicize_message":"","jetpack_publicize_feature_enabled":true,"jetpack_social_post_already_shared":true,"jetpack_social_options":{"image_generator_settings":{"template":"highway","default_image_id":0,"font":"","enabled":false},"version":2}},"product_brand":[],"product_cat":[2111],"product_tag":[2092,2089,2091,756,2090,657,2077,796,852],"class_list":{"0":"post-10120","1":"product","2":"type-product","3":"status-publish","4":"has-post-thumbnail","6":"product_cat-kaskadovy-regulator-tech-pre-kotly-do-32-kw","7":"product_tag-2092","8":"product_tag-eu-i-1m","9":"product_tag-radio","10":"product_tag-rozsirovacia","11":"product_tag-rs","12":"product_tag-sada","13":"product_tag-tech","14":"product_tag-termostat","15":"product_tag-zmiesavaca","17":"first","18":"instock","19":"taxable","20":"shipping-taxable","21":"purchasable","22":"product-type-simple"},"jetpack_publicize_connections":[],"jetpack_sharing_enabled":true,"_links":{"self":[{"href":"https:\/\/revop-eshop.sk\/index.php?rest_route=\/wp\/v2\/product\/10120","targetHints":{"allow":["GET"]}}],"collection":[{"href":"https:\/\/revop-eshop.sk\/index.php?rest_route=\/wp\/v2\/product"}],"about":[{"href":"https:\/\/revop-eshop.sk\/index.php?rest_route=\/wp\/v2\/types\/product"}],"replies":[{"embeddable":true,"href":"https:\/\/revop-eshop.sk\/index.php?rest_route=%2Fwp%2Fv2%2Fcomments&post=10120"}],"wp:featuredmedia":[{"embeddable":true,"href":"https:\/\/revop-eshop.sk\/index.php?rest_route=\/wp\/v2\/media\/10123"}],"wp:attachment":[{"href":"https:\/\/revop-eshop.sk\/index.php?rest_route=%2Fwp%2Fv2%2Fmedia&parent=10120"}],"wp:term":[{"taxonomy":"product_brand","embeddable":true,"href":"https:\/\/revop-eshop.sk\/index.php?rest_route=%2Fwp%2Fv2%2Fproduct_brand&post=10120"},{"taxonomy":"product_cat","embeddable":true,"href":"https:\/\/revop-eshop.sk\/index.php?rest_route=%2Fwp%2Fv2%2Fproduct_cat&post=10120"},{"taxonomy":"product_tag","embeddable":true,"href":"https:\/\/revop-eshop.sk\/index.php?rest_route=%2Fwp%2Fv2%2Fproduct_tag&post=10120"}],"curies":[{"name":"wp","href":"https:\/\/api.w.org\/{rel}","templated":true}]}}