{"id":4699,"date":"2024-08-07T10:33:35","date_gmt":"2024-08-07T08:33:35","guid":{"rendered":"https:\/\/revop-eshop.sk\/?page_id=4699"},"modified":"2024-09-28T16:49:06","modified_gmt":"2024-09-28T14:49:06","slug":"o-nas","status":"publish","type":"page","link":"https:\/\/revop-eshop.sk\/?page_id=4699","title":{"rendered":"O n\u00e1s"},"content":{"rendered":"\t\t<div data-elementor-type=\"wp-page\" data-elementor-id=\"4699\" class=\"elementor elementor-4699\">\n\t\t\t\t<div class=\"elementor-element elementor-element-0ee90c9 e-flex e-con-boxed e-con e-parent\" data-id=\"0ee90c9\" data-element_type=\"container\" data-e-type=\"container\">\n\t\t\t\t\t<div class=\"e-con-inner\">\n\t\t\t\t\t<\/div>\n\t\t\t\t<\/div>\n\t\t<div class=\"elementor-element elementor-element-2f2efec e-flex e-con-boxed e-con e-parent\" data-id=\"2f2efec\" data-element_type=\"container\" data-e-type=\"container\">\n\t\t\t\t\t<div class=\"e-con-inner\">\n\t\t\t\t<div class=\"elementor-element elementor-element-2ec353e elementor-widget elementor-widget-text-editor\" data-id=\"2ec353e\" data-element_type=\"widget\" data-e-type=\"widget\" data-widget_type=\"text-editor.default\">\n\t\t\t\t<div class=\"elementor-widget-container\">\n\t\t\t\t\t\t\t\t\t<p>Sme firma, ktor\u00e1 u\u017e od roku 2013\u00a0 servisuje,\u00a0 montuje a pred\u00e1va\u00a0 plynov\u00e9\u00a0 kondenza\u010dn\u00e9\u00a0 kotle\u00a0 a pr\u00edslu\u0161enstvo ku kotlom. Pracujeme s najkvalitnej\u0161\u00edm in\u0161tala\u010dn\u00fdm materi\u00e1lom, ktor\u00fd prech\u00e1dza pr\u00edsnymi kontrolami kvality\u00a0 a preto V\u00e1m chceme v na\u0161om internetovom obchode pon\u00faknu\u0165\u00a0 \u0161irok\u00fd v\u00fdber plynov\u00fdch kondenza\u010dn\u00fdch kotlov zn. VIESMANN, pr\u00edslu\u0161enstvo ku kotlom,\u00a0 monoblokov\u00e9 tepeln\u00e9 \u010derpadl\u00e1 vzduch\/voda zn. Viessmann, vykurovacie radi\u00e1tory s pr\u00edslu\u0161enstvom,\u00a0 kom\u00ednov\u00e9 syst\u00e9my koaxi\u00e1lne a plastov\u00e9,\u00a0 lisovacie potrubie, r\u00fary na podlahov\u00e9 vykurovanie, lisovacie\u00a0 fitingy meden\u00e9\/uhl\u00edkov\u00e1 oce\u013e\/PEX na vodu a plyn, podlahov\u00e9 vykurovanie.\u00a0 \u00a0<\/p><p style=\"margin-bottom: 10px; color: #666666; font-family: Barlow, sans-serif;\"><span style=\"font-weight: bold;\">Prajeme V\u00e1m pr\u00edjemn\u00e9 nakupovanie a te\u0161\u00edme sa na spolupr\u00e1cu\u00a0<\/span><\/p><p style=\"margin-bottom: 10px; color: #666666; font-family: Barlow, sans-serif;\">Internetov\u00fd obchod www.revop-eshop.sk<\/p><p style=\"margin-bottom: 10px; color: #666666; font-family: Barlow, sans-serif;\"><img decoding=\"async\" class=\"alignnone wp-image-5281\" style=\"color: #333333; font-family: Georgia, 'Times New Roman', 'Bitstream Charter', Times, serif;\" src=\"https:\/\/revop-eshop.sk\/wp-content\/uploads\/2024\/08\/hlavne-logo-300x300.jpg\" alt=\"\" width=\"89\" height=\"89\" \/><\/p><p style=\"margin-bottom: 2px; color: #666666; font-family: Barlow, sans-serif;\">Revop, s.r.o.<\/p><p style=\"margin-bottom: 2px; color: #666666; font-family: Barlow, sans-serif;\">Kriv\u00e1\u00a0 <span style=\"font-weight: var( --e-global-typography-text-font-weight ); text-align: var(--text-align);\">318<\/span><\/p><p style=\"margin-bottom: 2px; color: #666666; font-family: Barlow, sans-serif;\"><span style=\"font-weight: var( --e-global-typography-text-font-weight ); text-align: var(--text-align);\">027 55 Kriv\u00e1<\/span><\/p>\t\t\t\t\t\t\t\t<\/div>\n\t\t\t\t<\/div>\n\t\t\t\t\t<\/div>\n\t\t\t\t<\/div>\n\t\t\t\t<\/div>\n\t\t","protected":false},"excerpt":{"rendered":"<p>Sme firma, ktor\u00e1 u\u017e od roku 2013\u00a0 servisuje,\u00a0 montuje a pred\u00e1va\u00a0 plynov\u00e9\u00a0 kondenza\u010dn\u00e9\u00a0 kotle\u00a0 a pr\u00edslu\u0161enstvo ku kotlom. Pracujeme s najkvalitnej\u0161\u00edm in\u0161tala\u010dn\u00fdm materi\u00e1lom, ktor\u00fd prech\u00e1dza pr\u00edsnymi kontrolami kvality\u00a0 a preto V\u00e1m chceme v na\u0161om internetovom obchode pon\u00faknu\u0165\u00a0 \u0161irok\u00fd v\u00fdber plynov\u00fdch kondenza\u010dn\u00fdch kotlov zn. VIESMANN, pr\u00edslu\u0161enstvo ku kotlom,\u00a0 monoblokov\u00e9 tepeln\u00e9 \u010derpadl\u00e1 vzduch\/voda zn. Viessmann, vykurovacie radi\u00e1tory [&hellip;]<\/p>\n","protected":false},"author":1,"featured_media":0,"parent":0,"menu_order":0,"comment_status":"closed","ping_status":"closed","template":"","meta":{"footnotes":""},"class_list":["post-4699","page","type-page","status-publish","hentry"],"jetpack_sharing_enabled":true,"_links":{"self":[{"href":"https:\/\/revop-eshop.sk\/index.php?rest_route=\/wp\/v2\/pages\/4699","targetHints":{"allow":["GET"]}}],"collection":[{"href":"https:\/\/revop-eshop.sk\/index.php?rest_route=\/wp\/v2\/pages"}],"about":[{"href":"https:\/\/revop-eshop.sk\/index.php?rest_route=\/wp\/v2\/types\/page"}],"author":[{"embeddable":true,"href":"https:\/\/revop-eshop.sk\/index.php?rest_route=\/wp\/v2\/users\/1"}],"replies":[{"embeddable":true,"href":"https:\/\/revop-eshop.sk\/index.php?rest_route=%2Fwp%2Fv2%2Fcomments&post=4699"}],"version-history":[{"count":19,"href":"https:\/\/revop-eshop.sk\/index.php?rest_route=\/wp\/v2\/pages\/4699\/revisions"}],"predecessor-version":[{"id":7342,"href":"https:\/\/revop-eshop.sk\/index.php?rest_route=\/wp\/v2\/pages\/4699\/revisions\/7342"}],"wp:attachment":[{"href":"https:\/\/revop-eshop.sk\/index.php?rest_route=%2Fwp%2Fv2%2Fmedia&parent=4699"}],"curies":[{"name":"wp","href":"https:\/\/api.w.org\/{rel}","templated":true}]}}