{"id":377,"date":"2019-04-04T10:01:49","date_gmt":"2019-04-04T08:01:49","guid":{"rendered":"http:\/\/victorthemes.com\/themes\/windfall\/?page_id=377"},"modified":"2026-03-19T07:48:53","modified_gmt":"2026-03-19T06:48:53","slug":"kontakt","status":"publish","type":"page","link":"https:\/\/revop-eshop.sk\/?page_id=377","title":{"rendered":"Kontaktn\u00e9 inform\u00e1cie"},"content":{"rendered":"\t\t<div data-elementor-type=\"wp-post\" data-elementor-id=\"377\" class=\"elementor elementor-377\">\n\t\t\t\t<div class=\"elementor-element elementor-element-673379e e-grid e-con-full e-con e-parent\" data-id=\"673379e\" data-element_type=\"container\" data-e-type=\"container\">\n\t\t\t\t<div class=\"elementor-element elementor-element-5c4a551 elementor-widget elementor-widget-text-editor\" data-id=\"5c4a551\" data-element_type=\"widget\" data-e-type=\"widget\" data-widget_type=\"text-editor.default\">\n\t\t\t\t<div class=\"elementor-widget-container\">\n\t\t\t\t\t\t\t\t\t<h4><span style=\"color: #000000;\">Revop, s. r. o.<\/span><\/h4><h4><span style=\"color: #000000;\">Kriv\u00e1 318<\/span><br \/><span style=\"color: #000000;\">027 55\u00a0 Kriv\u00e1<\/span><br \/><span style=\"color: #000000;\">Email: \u00a0 <a style=\"color: #000000;\" href=\"mailto:info@revopsro.sk\">info@revopsro.sk<\/a><br \/><\/span><span style=\"color: #000000; letter-spacing: 0px; text-align: var(--text-align);\">Technick\u00e1 podpora alebo inform\u00e1cie o produktoch :\u00a0 +<\/span><span style=\"color: #000000; letter-spacing: 0px; text-align: var(--text-align);\">421 907 703 440<br \/><\/span><span style=\"letter-spacing: 0px; text-align: var(--text-align); color: #000000;\">Objedn\u00e1vky, platby alebo skladov\u00e1 dostupnos\u0165 :\u00a0\u00a0<\/span><span style=\"letter-spacing: 0px; text-align: var(--text-align); color: #000000;\">+421 907 499 503<br \/>Soci\u00e1lne siete :<\/span><\/h4>\t\t\t\t\t\t\t\t<\/div>\n\t\t\t\t<\/div>\n\t\t\t\t<\/div>\n\t\t<div class=\"elementor-element elementor-element-24bada3 e-con-full e-flex e-con e-parent\" data-id=\"24bada3\" data-element_type=\"container\" data-e-type=\"container\">\n\t\t\t\t<div class=\"elementor-element elementor-element-c4533db elementor-grid-tablet-0 e-grid-align-left e-grid-align-tablet-left elementor-shape-rounded elementor-grid-0 elementor-widget elementor-widget-social-icons\" data-id=\"c4533db\" data-element_type=\"widget\" data-e-type=\"widget\" data-widget_type=\"social-icons.default\">\n\t\t\t\t<div class=\"elementor-widget-container\">\n\t\t\t\t\t\t\t<div class=\"elementor-social-icons-wrapper elementor-grid\" role=\"list\">\n\t\t\t\t\t\t\t<span class=\"elementor-grid-item\" role=\"listitem\">\n\t\t\t\t\t<a class=\"elementor-icon elementor-social-icon elementor-social-icon-facebook elementor-repeater-item-faf7b23\" href=\"https:\/\/www.facebook.com\/people\/Revop-E-shop\/61564409918489\/?_rdr\" target=\"_blank\" rel=\"noopener\">\n\t\t\t\t\t\t<span class=\"elementor-screen-only\">Facebook<\/span>\n\t\t\t\t\t\t<svg aria-hidden=\"true\" class=\"e-font-icon-svg e-fab-facebook\" viewBox=\"0 0 512 512\" xmlns=\"http:\/\/www.w3.org\/2000\/svg\"><path d=\"M504 256C504 119 393 8 256 8S8 119 8 256c0 123.78 90.69 226.38 209.25 245V327.69h-63V256h63v-54.64c0-62.15 37-96.48 93.67-96.48 27.14 0 55.52 4.84 55.52 4.84v61h-31.28c-30.8 0-40.41 19.12-40.41 38.73V256h68.78l-11 71.69h-57.78V501C413.31 482.38 504 379.78 504 256z\"><\/path><\/svg>\t\t\t\t\t<\/a>\n\t\t\t\t<\/span>\n\t\t\t\t\t\t\t<span class=\"elementor-grid-item\" role=\"listitem\">\n\t\t\t\t\t<a class=\"elementor-icon elementor-social-icon elementor-social-icon-youtube elementor-repeater-item-991ab57\" href=\"https:\/\/www.youtube.com\/watch?v=XM102yZ9T8Y\" target=\"_blank\" rel=\"noopener\">\n\t\t\t\t\t\t<span class=\"elementor-screen-only\">Youtube<\/span>\n\t\t\t\t\t\t<svg aria-hidden=\"true\" class=\"e-font-icon-svg e-fab-youtube\" viewBox=\"0 0 576 512\" xmlns=\"http:\/\/www.w3.org\/2000\/svg\"><path d=\"M549.655 124.083c-6.281-23.65-24.787-42.276-48.284-48.597C458.781 64 288 64 288 64S117.22 64 74.629 75.486c-23.497 6.322-42.003 24.947-48.284 48.597-11.412 42.867-11.412 132.305-11.412 132.305s0 89.438 11.412 132.305c6.281 23.65 24.787 41.5 48.284 47.821C117.22 448 288 448 288 448s170.78 0 213.371-11.486c23.497-6.321 42.003-24.171 48.284-47.821 11.412-42.867 11.412-132.305 11.412-132.305s0-89.438-11.412-132.305zm-317.51 213.508V175.185l142.739 81.205-142.739 81.201z\"><\/path><\/svg>\t\t\t\t\t<\/a>\n\t\t\t\t<\/span>\n\t\t\t\t\t<\/div>\n\t\t\t\t\t\t<\/div>\n\t\t\t\t<\/div>\n\t\t\t\t<\/div>\n\t\t<div class=\"elementor-element elementor-element-7e867e0 e-grid e-con-boxed e-con e-parent\" data-id=\"7e867e0\" data-element_type=\"container\" data-e-type=\"container\">\n\t\t\t\t\t<div class=\"e-con-inner\">\n\t\t\t\t<div class=\"elementor-element elementor-element-9b4299e elementor-widget elementor-widget-text-editor\" data-id=\"9b4299e\" data-element_type=\"widget\" data-e-type=\"widget\" data-widget_type=\"text-editor.default\">\n\t\t\t\t<div class=\"elementor-widget-container\">\n\t\t\t\t\t\t\t\t\t<h4>Faktura\u010dn\u00e9 \u00fadaje:<br \/>Revop, s. r. o.<br \/>Kriv\u00e1 318<br \/>027 55 Kriv\u00e1<br \/>I\u010cO: 47128275<br \/>DI\u010c: 2023752390<br \/>I\u010c DPH: SK2023752390<\/h4><div>\u00a0<\/div>\t\t\t\t\t\t\t\t<\/div>\n\t\t\t\t<\/div>\n\t\t\t\t\t<\/div>\n\t\t\t\t<\/div>\n\t\t<div class=\"elementor-element elementor-element-cf0d625 e-flex e-con-boxed e-con e-parent\" data-id=\"cf0d625\" data-element_type=\"container\" data-e-type=\"container\">\n\t\t\t\t\t<div class=\"e-con-inner\">\n\t\t\t\t<div class=\"elementor-element elementor-element-91aa17f elementor-widget elementor-widget-text-editor\" data-id=\"91aa17f\" data-element_type=\"widget\" data-e-type=\"widget\" data-widget_type=\"text-editor.default\">\n\t\t\t\t<div class=\"elementor-widget-container\">\n\t\t\t\t\t\t\t\t\t<h4>Tatra banka, a.s.<br \/>\u010c\u00edslo \u00fa\u010dtu: 2948174338<br \/>K\u00f3d banky: 1100<br \/>IBAN: SK61 1100 0000 0029 4817 4338<br \/>SWIFT: TATRSKBX<\/h4>\t\t\t\t\t\t\t\t<\/div>\n\t\t\t\t<\/div>\n\t\t\t\t\t<\/div>\n\t\t\t\t<\/div>\n\t\t<div class=\"elementor-element elementor-element-3bba449 e-flex e-con-boxed e-con e-parent\" data-id=\"3bba449\" data-element_type=\"container\" data-e-type=\"container\">\n\t\t\t\t\t<div class=\"e-con-inner\">\n\t\t\t\t<div class=\"elementor-element elementor-element-b714fd1 elementor-widget elementor-widget-text-editor\" data-id=\"b714fd1\" data-element_type=\"widget\" data-e-type=\"widget\" data-widget_type=\"text-editor.default\">\n\t\t\t\t<div class=\"elementor-widget-container\">\n\t\t\t\t\t\t\t\t\t<h3 style=\"text-align: center;\"><strong>Otv\u00e1racie hodiny:<\/strong><\/h3><h4>\u00a0<\/h4><h4 style=\"text-align: center;\"><strong>Pondelok: \u00a008:00 &#8211; 16:00<\/strong><\/h4><h4 style=\"text-align: center;\"><strong>Utorok:\u00a0\u00a0\u00a0\u00a0\u00a0\u00a0\u00a0 08:00 &#8211; 16:00<\/strong><\/h4><h4 style=\"text-align: center;\"><strong>Streda:\u00a0\u00a0\u00a0\u00a0\u00a0\u00a0\u00a0 08:00 &#8211; 16:00<\/strong><\/h4><h4 style=\"text-align: center;\"><strong>\u0160tvrtok\u00a0\u00a0\u00a0\u00a0\u00a0\u00a0\u00a0 08:00 &#8211; 16:00<\/strong><\/h4><h4 style=\"text-align: center;\"><strong>Piatok: \u00a0\u00a0\u00a0\u00a0\u00a0\u00a0\u00a008:00 &#8211; 16:00<\/strong><\/h4><h4 style=\"text-align: center;\"><strong style=\"letter-spacing: 0px;\">Sobota:\u00a0 \u00a0 \u00a0 \u00a0 \u00a0 Zatvoren\u00e9<\/strong><\/h4><h4 style=\"text-align: center;\"><strong>Nede\u013ea:\u00a0 \u00a0 \u00a0 \u00a0 \u00a0Zatvoren\u00e9<\/strong><\/h4><h4 style=\"text-align: center;\"><strong>\u00a0<\/strong><\/h4><h4 style=\"text-align: center;\"><strong>Po\u010das \u0161t\u00e1tnych sviatkov a dn\u00ed<br \/>pracovn\u00e9ho pokoja ZATVOREN\u00c9.<\/strong><\/h4><div><strong>\u00a0<\/strong><\/div>\t\t\t\t\t\t\t\t<\/div>\n\t\t\t\t<\/div>\n\t\t\t\t<div class=\"elementor-element elementor-element-69bb317 elementor-widget elementor-widget-text-editor\" data-id=\"69bb317\" data-element_type=\"widget\" data-e-type=\"widget\" data-widget_type=\"text-editor.default\">\n\t\t\t\t<div class=\"elementor-widget-container\">\n\t\t\t\t\t\t\t\t\t<h3>Kde n\u00e1s n\u00e1jdete:<\/h3><h4>Kriv\u00e1\u00a0 15 , 027 55 Kriv\u00e1<\/h4><h4>\u00a0<\/h4>\t\t\t\t\t\t\t\t<\/div>\n\t\t\t\t<\/div>\n\t\t\t\t\t<\/div>\n\t\t\t\t<\/div>\n\t\t<div class=\"elementor-element elementor-element-3f5efed e-con-full e-flex e-con e-parent\" data-id=\"3f5efed\" data-element_type=\"container\" data-e-type=\"container\">\n\t\t\t\t<div class=\"elementor-element elementor-element-7b59005 elementor-widget elementor-widget-google_maps\" data-id=\"7b59005\" data-element_type=\"widget\" data-e-type=\"widget\" data-widget_type=\"google_maps.default\">\n\t\t\t\t<div class=\"elementor-widget-container\">\n\t\t\t\t\t\t\t<div class=\"elementor-custom-embed\">\n\t\t\t<iframe loading=\"lazy\"\n\t\t\t\t\tsrc=\"https:\/\/maps.google.com\/maps?q=Kriv%C3%A1%2012%2C%20027%2055%20Kriv%C3%A1&#038;t=m&#038;z=17&#038;output=embed&#038;iwloc=near\"\n\t\t\t\t\ttitle=\"Kriv\u00e1 12, 027 55 Kriv\u00e1\"\n\t\t\t\t\taria-label=\"Kriv\u00e1 12, 027 55 Kriv\u00e1\"\n\t\t\t><\/iframe>\n\t\t<\/div>\n\t\t\t\t\t\t<\/div>\n\t\t\t\t<\/div>\n\t\t\t\t<\/div>\n\t\t\t\t<\/div>\n\t\t","protected":false},"excerpt":{"rendered":"<p>Revop, s. r. o. Kriv\u00e1 318027 55\u00a0 Kriv\u00e1Email: \u00a0 info@revopsro.skTechnick\u00e1 podpora alebo inform\u00e1cie o produktoch :\u00a0 +421 907 703 440Objedn\u00e1vky, platby alebo skladov\u00e1 dostupnos\u0165 :\u00a0\u00a0+421 907 499 503Soci\u00e1lne siete : Facebook Youtube Faktura\u010dn\u00e9 \u00fadaje:Revop, s. r. o.Kriv\u00e1 318027 55 Kriv\u00e1I\u010cO: 47128275DI\u010c: 2023752390I\u010c DPH: SK2023752390 \u00a0 Tatra banka, a.s.\u010c\u00edslo \u00fa\u010dtu: 2948174338K\u00f3d banky: 1100IBAN: SK61 1100 0000 [&hellip;]<\/p>\n","protected":false},"author":1,"featured_media":0,"parent":0,"menu_order":0,"comment_status":"closed","ping_status":"closed","template":"","meta":{"footnotes":""},"class_list":["post-377","page","type-page","status-publish","hentry"],"jetpack_sharing_enabled":true,"_links":{"self":[{"href":"https:\/\/revop-eshop.sk\/index.php?rest_route=\/wp\/v2\/pages\/377","targetHints":{"allow":["GET"]}}],"collection":[{"href":"https:\/\/revop-eshop.sk\/index.php?rest_route=\/wp\/v2\/pages"}],"about":[{"href":"https:\/\/revop-eshop.sk\/index.php?rest_route=\/wp\/v2\/types\/page"}],"author":[{"embeddable":true,"href":"https:\/\/revop-eshop.sk\/index.php?rest_route=\/wp\/v2\/users\/1"}],"replies":[{"embeddable":true,"href":"https:\/\/revop-eshop.sk\/index.php?rest_route=%2Fwp%2Fv2%2Fcomments&post=377"}],"version-history":[{"count":70,"href":"https:\/\/revop-eshop.sk\/index.php?rest_route=\/wp\/v2\/pages\/377\/revisions"}],"predecessor-version":[{"id":11108,"href":"https:\/\/revop-eshop.sk\/index.php?rest_route=\/wp\/v2\/pages\/377\/revisions\/11108"}],"wp:attachment":[{"href":"https:\/\/revop-eshop.sk\/index.php?rest_route=%2Fwp%2Fv2%2Fmedia&parent=377"}],"curies":[{"name":"wp","href":"https:\/\/api.w.org\/{rel}","templated":true}]}}