{"id":2419,"date":"2024-05-24T19:54:37","date_gmt":"2024-05-24T17:54:37","guid":{"rendered":"https:\/\/www.revopsro.sk\/?page_id=2419"},"modified":"2025-09-11T10:50:57","modified_gmt":"2025-09-11T08:50:57","slug":"ochrana-osobnych-udajov","status":"publish","type":"page","link":"https:\/\/revop-eshop.sk\/?page_id=2419","title":{"rendered":"Ochrana osobn\u00fdch \u00fadajov"},"content":{"rendered":"\n<p><p style=\"text-align: center;\">&nbsp;<\/p><\/p>\n\n\n\n<p>1. Zmluvn\u00e9 strany sa dohodli, \u017ee kupuj\u00faci je na \u00fa\u010dely riadneho vybavenia a doru\u010denia objedn\u00e1vky v pr\u00edpade, ak je fyzickou osobou, povinn\u00fd ozn\u00e1mi\u0165 pred\u00e1vaj\u00facemu v objedn\u00e1vke svoje meno a priezvisko, adresu trval\u00e9ho bydliska vr\u00e1tane PS\u010c, \u010d\u00edslo telef\u00f3nu a e-mailov\u00fa adresu.<\/p>\n\n\n\n<p>2. Zmluvn\u00e9 strany sa dohodli, \u017ee kupuj\u00faci je na \u00fa\u010dely riadneho vybavenia a doru\u010denia objedn\u00e1vky v pr\u00edpade, ak je pr\u00e1vnickou osobou, povinn\u00fd ozn\u00e1mi\u0165 pred\u00e1vaj\u00facemu v objedn\u00e1vke svoje obchodn\u00e9 meno, adresu s\u00eddla vr\u00e1tane PS\u010c, I\u010cO, I\u010c DPH (ak mu bolo pridelen\u00e9), \u010d\u00edslo telef\u00f3nu a e-mailov\u00fa adresu.<\/p>\n\n\n\n<p>3. Kupuj\u00faci, ktor\u00fd sa v r\u00e1mci internetov\u00e9ho obchodu zaregistroval, si m\u00f4\u017ee kedyko\u013evek skontrolova\u0165 a zmeni\u0165 poskytnut\u00e9 osobn\u00e9 \u00fadaje, ako aj zru\u0161i\u0165 svoju registr\u00e1ciu po prihl\u00e1sen\u00ed sa na internetovej str\u00e1nke elektronick\u00e9ho obchodu v \u010dasti &#8220;M\u00f4j profil&#8221;.<\/p>\n\n\n\n<p>4. Pred\u00e1vaj\u00faci t\u00fdmto oznamuje kupuj\u00facemu, \u017ee v zmysle \u010dl. 6 ods.1 p\u00edsm. b) Nariadenia Eur\u00f3pskeho parlamentu a Rady (E\u00da) 2016\/679 z 27.apr\u00edla 2016 o ochrane fyzick\u00fdch os\u00f4b pri sprac\u00favan\u00ed osobn\u00fdch \u00fadajov a o vo\u013enom pohybe tak\u00fdchto \u00fadajov, ktor\u00fdm sa zru\u0161uje smernica 95\/46\/ES (v\u0161eobecn\u00e9 nariadenie o ochrane \u00fadajov), (\u010falej len \u201eNariadenie\u201c), pred\u00e1vaj\u00faci ako prev\u00e1dzkovate\u013e informa\u010dn\u00e9ho syst\u00e9mu bude v procese uzatv\u00e1rania k\u00fapnej zmluvy sprac\u00fava\u0165 osobn\u00e9 \u00fadaje kupuj\u00faceho bez jeho s\u00fahlasu ako dotknutej osoby, ke\u010f\u017ee sprac\u00favanie osobn\u00fdch \u00fadajov kupuj\u00faceho bude vykon\u00e1van\u00e9 pred\u00e1vaj\u00facim v r\u00e1mci predzmluvn\u00fdch vz\u0165ahov s kupuj\u00facim a sprac\u00favanie osobn\u00fdch \u00fadajov kupuj\u00faceho je nevyhnutn\u00e9 na plnenie z k\u00fapnej zmluvy, v ktorej vystupuje kupuj\u00faci ako jedna zo zmluvn\u00fdch str\u00e1n.<\/p>\n\n\n\n<p>5. V zmysle \u010dl. 6 ods. 1 p\u00edsm. f) Nariadenia m\u00f4\u017ee pred\u00e1vaj\u00faci po doru\u010den\u00ed objednan\u00e9ho tovaru, resp. slu\u017eby kupuj\u00facemu, na z\u00e1klade opr\u00e1vnen\u00e9ho z\u00e1ujmu sprac\u00fava\u0165 osobn\u00e9 \u00fadaje kupuj\u00faceho aj na \u00fa\u010dely priameho marketingu a zasiela\u0165 na e-mailov\u00fa adresu kupuj\u00faceho inform\u00e1cie o nov\u00fdch produktoch, z\u013eav\u00e1ch a akci\u00e1ch na pon\u00fakan\u00fdch tovaroch, resp. slu\u017eb\u00e1ch.<\/p>\n\n\n\n<p>6. Pred\u00e1vaj\u00faci sa zav\u00e4zuje, \u017ee bude s osobn\u00fdmi \u00fadajmi kupuj\u00faceho zaobch\u00e1dza\u0165 a naklada\u0165 v s\u00falade s platn\u00fdmi pr\u00e1vnymi predpismi SR.<\/p>\n\n\n\n<p>7. Pred\u00e1vaj\u00faci vyhlasuje, \u017ee v s\u00falade s \u010dl. 5 ods.1 p\u00edsm. a) a p\u00edsm. b) Nariadenia, bude osobn\u00e9 \u00fadaje kupuj\u00faceho z\u00edskava\u0165 v\u00fdlu\u010dne na \u00fa\u010del uveden\u00fd v t\u00fdchto obchodn\u00fdch a reklama\u010dn\u00fdch podmienkach.<\/p>\n\n\n\n<p>8. Pred\u00e1vaj\u00faci vyhlasuje, \u017ee na in\u00e9 \u00fa\u010dely ako je uveden\u00e9 v t\u00fdchto obchodn\u00fdch a reklama\u010dn\u00fdch podmienkach bude z\u00edskava\u0165 osobn\u00e9 \u00fadaje kupuj\u00faceho v\u017edy osobitne na adekv\u00e1tnom pr\u00e1vnom z\u00e1klade a z\u00e1rove\u0148 zabezpe\u010d\u00ed, \u017ee sa tieto osobn\u00e9 \u00fadaje bud\u00fa sprac\u00fava\u0165 a vyu\u017e\u00edva\u0165 v\u00fdlu\u010dne sp\u00f4sobom, ktor\u00fd zodpoved\u00e1 \u00fa\u010delu na ktor\u00fd boli zhroma\u017eden\u00e9 a nebude ich zdru\u017eova\u0165 s osobn\u00fdmi \u00fadajmi, ktor\u00e9 boli z\u00edskan\u00e9 na in\u00fd \u00fa\u010del alebo na \u00fa\u010del plnenia k\u00fapnej zmluvy.<\/p>\n\n\n\n<p>9. Kupuj\u00faci bude pred odoslan\u00edm objedn\u00e1vky vyzvan\u00fd, aby za\u0161krtnut\u00edm pol\u00ed\u010dka pred odoslan\u00edm objedn\u00e1vky potvrdil, \u017ee pred\u00e1vaj\u00faci mu dostato\u010dn\u00fdm, zrozumite\u013en\u00fdm a nezamenite\u013en\u00fdm sp\u00f4sobom ozn\u00e1mil:<\/p>\n\n\n\n<p>A) svoje identifika\u010dn\u00e9 \u00fadaje, ktor\u00e9 s\u00fa uveden\u00e9 v \u010dl. 1. t\u00fdchto obchodn\u00fdch a reklama\u010dn\u00fdch podmienok preukazuj\u00face toto\u017enos\u0165 pred\u00e1vaj\u00faceho,<\/p>\n\n\n\n<p>B) kontaktn\u00e9 \u00fadaje pred\u00e1vaj\u00faceho, resp. zodpovednej osoby pred\u00e1vaj\u00faceho,<\/p>\n\n\n\n<p>C) \u00fa\u010del sprac\u00favania osobn\u00fdch \u00fadajov ktor\u00fdm je uzavretie k\u00fapnej zmluvy medzi pred\u00e1vaj\u00facim a kupuj\u00facim a pr\u00e1vny z\u00e1klad sprac\u00favania osobn\u00fdch \u00fadajov,<\/p>\n\n\n\n<p>D) \u017ee po\u017eadovan\u00e9 osobn\u00e9 \u00fadaje na \u00fa\u010dely uzavretia k\u00fapnej zmluvy a riadneho vybavenia a doru\u010denia objedn\u00e1vky je kupuj\u00faci povinn\u00fd poskytn\u00fa\u0165,<\/p>\n\n\n\n<p>E) ak sa sprac\u00favanie zaklad\u00e1 na \u010dl. 6 ods.1 p\u00edsm. f), \u017ee opr\u00e1vnen\u00fdm z\u00e1ujmom, ktor\u00fd pred\u00e1vaj\u00faci sleduje, je priamy marketing,<\/p>\n\n\n\n<p>F) identifika\u010dn\u00e9 \u00fadaje tretej strany, ktorou je spolo\u010dnos\u0165, ktor\u00e1 doru\u010d\u00ed kupuj\u00facemu objednan\u00fd tovar, resp. identifika\u010dn\u00e9 \u00fadaje in\u00fdch pr\u00edjemcov alebo kateg\u00f3rie pr\u00edjemcov osobn\u00fdch \u00fadajov ak existuj\u00fa,<\/p>\n\n\n\n<p>G) dobu uchov\u00e1vania osobn\u00fdch \u00fadajov, resp. krit\u00e9ri\u00e1 na jej ur\u010denie,<\/p>\n\n\n\n<p>10. Pred\u00e1vaj\u00faci vyhlasuje, \u017ee bude sprac\u00fava\u0165 osobn\u00e9 \u00fadaje v s\u00falade s dobr\u00fdmi mravmi a bude kona\u0165 sp\u00f4sobom, ktor\u00fd neodporuje Nariadeniu ani in\u00fdm v\u0161eobecne z\u00e1v\u00e4zn\u00fdm pr\u00e1vnym predpisom a ani ich nebude obch\u00e1dza\u0165.<\/p>\n\n\n\n<p>11. Pred\u00e1vaj\u00faci v s\u00falade s Nariaden\u00edm poskytuje kupuj\u00facemu, ktor\u00e9ho \u00fadaje sprac\u00fava, nasleduj\u00face inform\u00e1cie:<\/p>\n\n\n\n<p>A) toto\u017enos\u0165 a kontaktn\u00e9 \u00fadaje pred\u00e1vaj\u00faceho a v pr\u00edslu\u0161n\u00fdch pr\u00edpadoch z\u00e1stupcu pred\u00e1vaj\u00faceho,<\/p>\n\n\n\n<p>B) kontaktn\u00e9 \u00fadaje pr\u00edpadnej zodpovednej osoby,<\/p>\n\n\n\n<p>C)&nbsp;&nbsp;&nbsp; \u00fa\u010dely sprac\u00favania, na ktor\u00e9 s\u00fa osobn\u00e9 \u00fadaje ur\u010den\u00e9, ako aj pr\u00e1vny z\u00e1klad sprac\u00favania,<\/p>\n\n\n\n<p>D)&nbsp;&nbsp;&nbsp; ak sa sprac\u00favanie zaklad\u00e1 na \u010dl. 6 ods. 1 p\u00edsm.&nbsp; f), opr\u00e1vnen\u00e9 z\u00e1ujmy, ktor\u00e9 sleduje pred\u00e1vaj\u00faci alebo tretia strana,<\/p>\n\n\n\n<p>E)&nbsp;&nbsp;&nbsp; okruh pr\u00edjemcov, alebo kateg\u00f3rie pr\u00edjemcov osobn\u00fdch \u00fadajov, ak existuj\u00fa,<\/p>\n\n\n\n<p>F)&nbsp;&nbsp;&nbsp; v relevantnom pr\u00edpade inform\u00e1ciu o tom, \u017ee pred\u00e1vaj\u00faci zam\u00fd\u0161\u013ea prenies\u0165 osobn\u00e9 \u00fadaje do tretej krajiny alebo medzin\u00e1rodnej organiz\u00e1cii,<\/p>\n\n\n\n<p>G)&nbsp;&nbsp;&nbsp; dobu uchov\u00e1vania osobn\u00fdch \u00fadajov, resp. krit\u00e9ri\u00e1 na jej ur\u010denie,<\/p>\n\n\n\n<p>H)&nbsp;&nbsp;&nbsp; inform\u00e1cie o existencii pr\u00e1va po\u017eadova\u0165 od pred\u00e1vaj\u00faceho pr\u00edstup k jeho osobn\u00fdm \u00fadajom a pr\u00e1va na ich opravu alebo vymazanie alebo obmedzenie sprac\u00favania alebo pr\u00e1va namieta\u0165 proti sprac\u00favaniu ako aj pr\u00e1va na prenosnos\u0165 \u00fadajov,<\/p>\n\n\n\n<p>I) pr\u00e1vo poda\u0165 s\u0165a\u017enos\u0165 dozorn\u00e9mu org\u00e1nu,<\/p>\n\n\n\n<p>J)&nbsp;&nbsp;&nbsp; inform\u00e1cie o tom, \u010di je poskytovanie osobn\u00fdch \u00fadajov z\u00e1konnou alebo zmluvnou po\u017eiadavkou, alebo po\u017eiadavkou, ktor\u00e1 je potrebn\u00e1 na uzavretie zmluvy, \u010di je kupuj\u00faci povinn\u00fd poskytn\u00fa\u0165 osobn\u00e9 \u00fadaje, ako aj mo\u017en\u00e9 n\u00e1sledky neposkytnutia tak\u00fdchto \u00fadajov,<\/p>\n\n\n\n<p>K)&nbsp;&nbsp;&nbsp; existenciu automatizovan\u00e9ho rozhodovania vr\u00e1tane profilovania;Kupuj\u00faci m\u00e1 pr\u00e1vo z\u00edska\u0165 od pred\u00e1vaj\u00faceho k\u00f3piu osobn\u00fdch \u00fadajov, ktor\u00e9 sa spracov\u00e1vaj\u00fa a k nej m\u00e1 pr\u00e1vo z\u00edska\u0165 aj v\u0161etky vy\u0161\u0161ie uveden\u00e9 inform\u00e1cie. Za ak\u00e9ko\u013evek \u010fal\u0161ie k\u00f3pie o ktor\u00e9 kupuj\u00faci po\u017eiada m\u00f4\u017ee pred\u00e1vaj\u00faci \u00fa\u010dtova\u0165 poplatok zodpovedaj\u00faci administrat\u00edvnym n\u00e1kladom na vyhotovenie k\u00f3pie.<\/p>\n\n\n\n<p>12. Ak kupuj\u00faci uplatn\u00ed svoje pr\u00e1vo pod\u013ea bodu 9.11 p\u00edsomne alebo elektronicky a z obsahu jeho \u017eiadosti vypl\u00fdva, \u017ee uplat\u0148uje svoje pr\u00e1vo pod\u013ea bodu 9.11, \u017eiados\u0165 sa pova\u017euje za podan\u00fa pod\u013ea tohto Nariadenia.<\/p>\n\n\n\n<p>13. Kupuj\u00faci m\u00e1 pr\u00e1vo u pred\u00e1vaj\u00faceho namieta\u0165 vo\u010di sprac\u00favaniu jeho osobn\u00fdch \u00fadajov, o ktor\u00fdch predpoklad\u00e1, \u017ee s\u00fa alebo bud\u00fa sprac\u00favan\u00e9 na \u00fa\u010dely priameho marketingu, vr\u00e1tane profilovania v rozsahu, v akom s\u00favis\u00ed s tak\u00fdmto priamym marketingom. Ak kupuj\u00faci namietne tak\u00e9to sprac\u00favanie, pred\u00e1vaj\u00faci ukon\u010d\u00ed sprac\u00favanie osobn\u00fdch \u00fadajov na \u00fa\u010dely priameho marketingu odo d\u0148a doru\u010denia takejto n\u00e1mietky pred\u00e1vaj\u00facemu a osobn\u00e9 \u00fadaje dotknut\u00e9ho kupuj\u00faceho sa na tak\u00e9to \u00fa\u010dely u\u017e nesm\u00fa a nebud\u00fa sprac\u00fava\u0165.<\/p>\n\n\n\n<p>14. Kupuj\u00faci pri podozren\u00ed, \u017ee jehoosobn\u00e9 \u00fadaje sa neopr\u00e1vnene sprac\u00favaj\u00fa, m\u00f4\u017ee poda\u0165 o tom s\u0165a\u017enos\u0165 \u00daradu na ochranu osobn\u00fdch \u00fadajov SR. Ak kupuj\u00faci nem\u00e1 sp\u00f4sobilos\u0165 na pr\u00e1vne \u00fakony v plnom rozsahu, jeho pr\u00e1va m\u00f4\u017ee uplatni\u0165 z\u00e1konn\u00fd z\u00e1stupca.<\/p>\n\n\n\n<p>15. Pred\u00e1vaj\u00faci prijme vhodn\u00e9 opatrenia s cie\u013eom poskytn\u00fa\u0165 kupuj\u00facemu v\u0161etky inform\u00e1cie uveden\u00e9 v bode 9.11 v stru\u010dnej, transparentnej, zrozumite\u013enej a \u013eahko dostupnej forme, jasne a jednoducho formulovan\u00e9. Pred\u00e1vaj\u00faci poskytne inform\u00e1cie elektronicky alebo v s\u00falade s Nariaden\u00edm in\u00fdmi prostriedkami, na ktor\u00fdch sa s kupuj\u00facim dohodne.<\/p>\n\n\n\n<p>16. Inform\u00e1cie o opatreniach, ktor\u00e9 sa prijali na z\u00e1klade \u017eiadosti kupuj\u00faceho, poskytne pred\u00e1vaj\u00faci kupuj\u00facemu bez zbyto\u010dn\u00e9ho odkladu, v ka\u017edom pr\u00edpade do jedn\u00e9ho mesiaca od doru\u010denia \u017eiadosti.<\/p>\n\n\n\n<p>17. Pred\u00e1vaj\u00faci oznamuje t\u00fdmto kupuj\u00facemu, \u017ee z titulu plnenia uzavretej zmluvy sa pri sprac\u00favan\u00ed osobn\u00fdch \u00fadajov kupuj\u00faceho predpoklad\u00e1, \u017ee osobn\u00e9 \u00fadaje kupuj\u00faceho bud\u00fa poskytnut\u00e9 a spr\u00edstupnen\u00e9 nasledovn\u00fdm tret\u00edm stran\u00e1m, resp. okruhom pr\u00edjemcov:<\/p>\n\n\n\n<p><\/p>\n\n\n\n<h3 class=\"wp-block-heading\">Inform\u00e1cie pod\u013ea nariadenia E\u00da o \u00fadajoch (Data Act \u2013 nariadenie (E\u00da) 2023\/2854)<\/h3>\n\n\n\n<p>V s\u00falade s nariaden\u00edm Eur\u00f3pskeho parlamentu a Rady (E\u00da) 2023\/2854 o \u00fadajoch (\u201eData Act\u201c), ktor\u00e9 nadob\u00fada \u00fa\u010dinnos\u0165 d\u0148a 12. septembra 2025, sme povinn\u00ed poskytn\u00fa\u0165 koncov\u00fdm pou\u017e\u00edvate\u013eom inform\u00e1cie o \u00fadajoch generovan\u00fdch produktmi pripojen\u00fdmi na internet.<\/p>\n\n\n\n<p>Pred k\u00fapou zariadenia m\u00e1te pr\u00e1vo by\u0165 informovan\u00ed:<\/p>\n\n\n\n<ul class=\"wp-block-list\">\n<li>ak\u00e9 \u00fadaje zariadenie generuje a odosiela,<\/li>\n\n\n\n<li>v akom form\u00e1te s\u00fa tieto \u00fadaje dostupn\u00e9,<\/li>\n\n\n\n<li>ak\u00fdm sp\u00f4sobom k nim m\u00f4\u017eete z\u00edska\u0165 pr\u00edstup, vr\u00e1tane mo\u017enosti vyu\u017eitia rozhrania API na osobn\u00e9 \u00fa\u010dely.<\/li>\n<\/ul>\n\n\n\n<p>Aktu\u00e1lne a podrobn\u00e9 inform\u00e1cie k jednotliv\u00fdm produktom s\u00fa dostupn\u00e9 na centr\u00e1lnej webovej str\u00e1nke:<br>\ud83d\udc49 <a href=\"http:\/\/climate-solutions.com\/eu-data-act\" target=\"_blank\" rel=\"noopener\">http:\/\/climate-solutions.com\/eu-data-act<\/a><\/p>\n","protected":false},"excerpt":{"rendered":"<p>&nbsp; 1. Zmluvn\u00e9 strany sa dohodli, \u017ee kupuj\u00faci je na \u00fa\u010dely riadneho vybavenia a doru\u010denia objedn\u00e1vky v pr\u00edpade, ak je fyzickou osobou, povinn\u00fd ozn\u00e1mi\u0165 pred\u00e1vaj\u00facemu v objedn\u00e1vke svoje meno a priezvisko, adresu trval\u00e9ho bydliska vr\u00e1tane PS\u010c, \u010d\u00edslo telef\u00f3nu a e-mailov\u00fa adresu. 2. Zmluvn\u00e9 strany sa dohodli, \u017ee kupuj\u00faci je na \u00fa\u010dely riadneho vybavenia a doru\u010denia [&hellip;]<\/p>\n","protected":false},"author":1,"featured_media":0,"parent":0,"menu_order":0,"comment_status":"closed","ping_status":"closed","template":"","meta":{"footnotes":""},"class_list":["post-2419","page","type-page","status-publish","hentry"],"jetpack_sharing_enabled":true,"_links":{"self":[{"href":"https:\/\/revop-eshop.sk\/index.php?rest_route=\/wp\/v2\/pages\/2419","targetHints":{"allow":["GET"]}}],"collection":[{"href":"https:\/\/revop-eshop.sk\/index.php?rest_route=\/wp\/v2\/pages"}],"about":[{"href":"https:\/\/revop-eshop.sk\/index.php?rest_route=\/wp\/v2\/types\/page"}],"author":[{"embeddable":true,"href":"https:\/\/revop-eshop.sk\/index.php?rest_route=\/wp\/v2\/users\/1"}],"replies":[{"embeddable":true,"href":"https:\/\/revop-eshop.sk\/index.php?rest_route=%2Fwp%2Fv2%2Fcomments&post=2419"}],"version-history":[{"count":1,"href":"https:\/\/revop-eshop.sk\/index.php?rest_route=\/wp\/v2\/pages\/2419\/revisions"}],"predecessor-version":[{"id":9563,"href":"https:\/\/revop-eshop.sk\/index.php?rest_route=\/wp\/v2\/pages\/2419\/revisions\/9563"}],"wp:attachment":[{"href":"https:\/\/revop-eshop.sk\/index.php?rest_route=%2Fwp%2Fv2%2Fmedia&parent=2419"}],"curies":[{"name":"wp","href":"https:\/\/api.w.org\/{rel}","templated":true}]}}